{"id":951,"date":"2020-05-07T11:22:05","date_gmt":"2020-05-07T09:22:05","guid":{"rendered":"https:\/\/lebrascommunication.fr\/ventes\/produit\/kit-de-carte-gob-mpt1327-2\/"},"modified":"2026-01-05T14:55:49","modified_gmt":"2026-01-05T13:55:49","slug":"kit-de-carte-gob-mpt1327-2","status":"publish","type":"product","link":"https:\/\/lebrascommunication.fr\/ventes\/produit\/kit-de-carte-gob-mpt1327-2\/","title":{"rendered":"Kit de carte  GOB MPT1327"},"content":{"rendered":"<p>Kit de carte d&rsquo;options g\u00e9n\u00e9riques GOB MPT1327 pour DP4X0X, DM4X0X. Non compatible avec les versions \u00ab\u00a0e\u00a0\u00bb.<\/p>\n<p>Le kit de carte d&rsquo;options g\u00e9n\u00e9riques GOB (Generic Option Board) MPT1327 une fois mont\u00e9 dans la radio, permet la compatibilit\u00e9 avec les syst\u00e8me partag\u00e9s analogique au standard MPT1327.<\/p>\n<p>Il est n\u00e9cessaire de d\u00e9monter la radio afin d&rsquo;installer la carte d&rsquo;option, puis la formater, et enfin installer le logiciel d\u00e9velopp\u00e9.<\/p>\n<p><strong>Sinon chez LBC systems, nous vous montons les cartes d&rsquo;option gratuitement !<\/strong><\/p>\n","protected":false},"excerpt":{"rendered":"<p>Kit de carte d&rsquo;options g\u00e9n\u00e9riques GOB MPT1327 pour DP4000, et DM4000.<\/p>\n","protected":false},"featured_media":945,"template":"","meta":[],"product_brand":[3074],"product_cat":[3163,3183,3088],"product_tag":[3509,3508,3507,3358],"class_list":{"0":"post-951","1":"product","2":"type-product","3":"status-publish","4":"has-post-thumbnail","6":"product_brand-motorola","7":"product_cat-accessoires-talkies-motorola","8":"product_cat-dm4000","9":"product_cat-accessoires-pour-bases-ou-mobiles-motorola","10":"product_tag-dm4x0x","11":"product_tag-dp4x0x","12":"product_tag-gob-mpt1327","13":"product_tag-kit","15":"first","16":"instock","17":"shipping-taxable","18":"purchasable","19":"product-type-simple"},"_links":{"self":[{"href":"https:\/\/lebrascommunication.fr\/ventes\/wp-json\/wp\/v2\/product\/951","targetHints":{"allow":["GET"]}}],"collection":[{"href":"https:\/\/lebrascommunication.fr\/ventes\/wp-json\/wp\/v2\/product"}],"about":[{"href":"https:\/\/lebrascommunication.fr\/ventes\/wp-json\/wp\/v2\/types\/product"}],"wp:featuredmedia":[{"embeddable":true,"href":"https:\/\/lebrascommunication.fr\/ventes\/wp-json\/wp\/v2\/media\/945"}],"wp:attachment":[{"href":"https:\/\/lebrascommunication.fr\/ventes\/wp-json\/wp\/v2\/media?parent=951"}],"wp:term":[{"taxonomy":"product_brand","embeddable":true,"href":"https:\/\/lebrascommunication.fr\/ventes\/wp-json\/wp\/v2\/product_brand?post=951"},{"taxonomy":"product_cat","embeddable":true,"href":"https:\/\/lebrascommunication.fr\/ventes\/wp-json\/wp\/v2\/product_cat?post=951"},{"taxonomy":"product_tag","embeddable":true,"href":"https:\/\/lebrascommunication.fr\/ventes\/wp-json\/wp\/v2\/product_tag?post=951"}],"curies":[{"name":"wp","href":"https:\/\/api.w.org\/{rel}","templated":true}]}}