{"id":901,"date":"2020-05-05T14:38:06","date_gmt":"2020-05-05T12:38:06","guid":{"rendered":"https:\/\/lebrascommunication.fr\/ventes\/produit\/licence-premium-dp3441e-dp3661e-sl4010e\/"},"modified":"2025-12-23T15:21:29","modified_gmt":"2025-12-23T14:21:29","slug":"licence-premium-dp3441e-dp3661e-sl4010e","status":"publish","type":"product","link":"https:\/\/lebrascommunication.fr\/ventes\/produit\/licence-premium-dp3441e-dp3661e-sl4010e\/","title":{"rendered":"Licence Premium DP3000e-SL4010e"},"content":{"rendered":"<p>Licence\u00a0Premium software features pour radios DP3441e, DP3661e, et SL4010e.<\/p>\n<p>Cette licence comprend les licences\u00a0HKVN4239A, HKVN4285A, HKVN4371A, HKVN4383A, HKVN4405A, HKVN4431A, HKVN4497A, HKVN4498A, HKVN4379A, HKVN4382A et HKVN4499A.<\/p>\n<p>Une licence n\u00e9cessaire par poste.<\/p>\n<p><strong>Attention : <\/strong>pour activer vous m\u00eame une licence, le logiciel CPS, le ou les c\u00e2bles de programmation compatibles avec vos radios, une connexion internet ainsi que le code fournit \u00e0 l&rsquo;achat de la licence seront n\u00e9cessaires.<\/p>\n<p><strong>Sinon, chez LBC Systems l&rsquo;activation des licences est gratuite !<\/strong><\/p>\n","protected":false},"excerpt":{"rendered":"<p>Licence\u00a0Premium software features pour radios DP3441e, DP3661e, et SL4010e<\/p>\n","protected":false},"featured_media":898,"template":"","meta":[],"product_brand":[3074],"product_cat":[3163],"product_tag":[3174,3249,3193,3250,3257,3247],"class_list":{"0":"post-901","1":"product","2":"type-product","3":"status-publish","4":"has-post-thumbnail","6":"product_brand-motorola","7":"product_cat-accessoires-talkies-motorola","8":"product_tag-dp3441","9":"product_tag-dp3441e","10":"product_tag-dp3661","11":"product_tag-dp3661e","12":"product_tag-licence","13":"product_tag-logiciel","15":"first","16":"instock","17":"shipping-taxable","18":"purchasable","19":"product-type-simple"},"_links":{"self":[{"href":"https:\/\/lebrascommunication.fr\/ventes\/wp-json\/wp\/v2\/product\/901","targetHints":{"allow":["GET"]}}],"collection":[{"href":"https:\/\/lebrascommunication.fr\/ventes\/wp-json\/wp\/v2\/product"}],"about":[{"href":"https:\/\/lebrascommunication.fr\/ventes\/wp-json\/wp\/v2\/types\/product"}],"wp:featuredmedia":[{"embeddable":true,"href":"https:\/\/lebrascommunication.fr\/ventes\/wp-json\/wp\/v2\/media\/898"}],"wp:attachment":[{"href":"https:\/\/lebrascommunication.fr\/ventes\/wp-json\/wp\/v2\/media?parent=901"}],"wp:term":[{"taxonomy":"product_brand","embeddable":true,"href":"https:\/\/lebrascommunication.fr\/ventes\/wp-json\/wp\/v2\/product_brand?post=901"},{"taxonomy":"product_cat","embeddable":true,"href":"https:\/\/lebrascommunication.fr\/ventes\/wp-json\/wp\/v2\/product_cat?post=901"},{"taxonomy":"product_tag","embeddable":true,"href":"https:\/\/lebrascommunication.fr\/ventes\/wp-json\/wp\/v2\/product_tag?post=901"}],"curies":[{"name":"wp","href":"https:\/\/api.w.org\/{rel}","templated":true}]}}