{"id":896,"date":"2018-01-16T12:19:37","date_gmt":"2018-01-16T11:19:37","guid":{"rendered":"https:\/\/lebrascommunication.fr\/ventes\/produit\/casque-anti-bruit-avec-ptt-2\/"},"modified":"2026-04-08T16:31:32","modified_gmt":"2026-04-08T14:31:32","slug":"casque-anti-bruit-avec-ptt-2","status":"publish","type":"product","link":"https:\/\/lebrascommunication.fr\/ventes\/produit\/casque-anti-bruit-avec-ptt-2\/","title":{"rendered":"Casque anti-bruit avec PTT"},"content":{"rendered":"<p>Casque anti-bruit<\/p>\n<p><strong>Caract\u00e9ristiques :<\/strong><\/p>\n<ul>\n<li>Utilisation : Re\u00e7oit et transmet<\/li>\n<li>Micro electret diff\u00e9rentiel utilisable en milieux bruyants<\/li>\n<li>Pr\u00e9 ampli int\u00e9gr\u00e9 dans la coquille<\/li>\n<li>Ecouteurs 8ohms (imp\u00e9dance : 16 ohms)<\/li>\n<li>R\u00e9duction sonore : -26dB<\/li>\n<li>R\u00e9ception: sur deux oreilles<\/li>\n<li>Micro : oui<\/li>\n<li>Nombre de fils : 1<\/li>\n<li>Utilisable avec des gants<\/li>\n<li>Utilisable avec un casque de protection par dessus<\/li>\n<\/ul>\n<p><strong style=\"border: 0px\">Poids :<\/strong> 320g (c\u00e2ble compris)<\/p>\n<p><strong>Portatifs ICOM compatibles :<\/strong><\/p>\n<p>Aviation :<\/p>\n<ul>\n<li>IC-A15<\/li>\n<li>IC-A15S<\/li>\n<li>IC-A24E<\/li>\n<li>IC-A24FR<\/li>\n<li>IC-A24FRII<\/li>\n<li>IC-A6E<\/li>\n<li>IC-A6FR<\/li>\n<li>IC-A6FRII<\/li>\n<\/ul>\n<p>Marine :<\/p>\n<ul>\n<li>IC-A6FRIIM<\/li>\n<li>IC-A6FRM<\/li>\n<\/ul>\n","protected":false},"excerpt":{"rendered":"<p>Casque serre-t\u00eate anti-bruit pour l&rsquo;aviation<\/p>\n","protected":false},"featured_media":3720,"template":"","meta":[],"product_brand":[3077],"product_cat":[3082],"product_tag":[3531,3597,3226,3277,3317],"class_list":{"0":"post-896","1":"product","2":"type-product","3":"status-publish","4":"has-post-thumbnail","6":"product_brand-icom","7":"product_cat-accessoires-talkies-pro-icom","8":"product_tag-anti-bruits","9":"product_tag-aviation","10":"product_tag-casque","11":"product_tag-icom","12":"product_tag-ptt","14":"first","15":"instock","16":"shipping-taxable","17":"purchasable","18":"product-type-simple"},"_links":{"self":[{"href":"https:\/\/lebrascommunication.fr\/ventes\/wp-json\/wp\/v2\/product\/896","targetHints":{"allow":["GET"]}}],"collection":[{"href":"https:\/\/lebrascommunication.fr\/ventes\/wp-json\/wp\/v2\/product"}],"about":[{"href":"https:\/\/lebrascommunication.fr\/ventes\/wp-json\/wp\/v2\/types\/product"}],"wp:featuredmedia":[{"embeddable":true,"href":"https:\/\/lebrascommunication.fr\/ventes\/wp-json\/wp\/v2\/media\/3720"}],"wp:attachment":[{"href":"https:\/\/lebrascommunication.fr\/ventes\/wp-json\/wp\/v2\/media?parent=896"}],"wp:term":[{"taxonomy":"product_brand","embeddable":true,"href":"https:\/\/lebrascommunication.fr\/ventes\/wp-json\/wp\/v2\/product_brand?post=896"},{"taxonomy":"product_cat","embeddable":true,"href":"https:\/\/lebrascommunication.fr\/ventes\/wp-json\/wp\/v2\/product_cat?post=896"},{"taxonomy":"product_tag","embeddable":true,"href":"https:\/\/lebrascommunication.fr\/ventes\/wp-json\/wp\/v2\/product_tag?post=896"}],"curies":[{"name":"wp","href":"https:\/\/api.w.org\/{rel}","templated":true}]}}