{"id":894,"date":"2017-08-02T11:54:43","date_gmt":"2017-08-02T09:54:43","guid":{"rendered":"https:\/\/lebrascommunication.fr\/ventes\/produit\/batterie-li-ion-grand-froid\/"},"modified":"2025-12-19T14:58:17","modified_gmt":"2025-12-19T13:58:17","slug":"batterie-li-ion-grand-froid","status":"publish","type":"product","link":"https:\/\/lebrascommunication.fr\/ventes\/produit\/batterie-li-ion-grand-froid\/","title":{"rendered":"Batterie Li-Ion Grand froid"},"content":{"rendered":"<p>Batterie Impres Li-Ion 1950 mAh pour les gammes de talkies \u00a0DP2000, DP4000 ainsi que les nouvelles s\u00e9ries \u00ab\u00a0e\u00a0\u00bb.<\/p>\n<p>Pince de ceinture vendue s\u00e9par\u00e9ment.<\/p>\n<p><strong>REMPLACE DESORMAIS LA REFERENCE\u00a0PMNN4435AR<\/strong><\/p>\n<p><strong>Caract\u00e9ristiques :<\/strong><\/p>\n<ul>\n<li>Type : Li-Ion<\/li>\n<li>Capacit\u00e9 : 1950 mAh<\/li>\n<li>Autonomie : 13h<\/li>\n<li>Batterie intelligente : oui. Technologie Impres<\/li>\n<li>M\u00e9moire de charge : non<\/li>\n<li>Temp\u00e9ratures d&rsquo;utilisation : -30\u00b0C \u00e0 +60\u00b0C<\/li>\n<li>Temp\u00e9rature de charge : 0\u00b0C \u00e0 +45\u00b0C<\/li>\n<li>Standard de s\u00e9curit\u00e9 intrins\u00e8que : non<\/li>\n<li>Indice de protection : IP68 (submersible)<\/li>\n<\/ul>\n<p><strong>Dimensions : <\/strong>112 x 52 x 23 mm<\/p>\n<p><strong>Poids : <\/strong>150 g<\/p>\n<p><strong>Technologie IMPRES :<\/strong>\u00a0Cette technologie fonctionne uniquement avec les batteries IMPRES Motorola. Elle permet d&rsquo;avoir un suivi de l&rsquo;\u00e9volution de la batterie depuis sa premi\u00e8re charge avec le logiciel et son interface, ou avec les mod\u00e8les de chargeurs \u00e0 \u00e9crans. Les batteries sont\u00a0reconditionn\u00e9es en fonction des besoins et permettent\u00a0une autonomie plus grande d&rsquo;environ 1h ainsi qu&rsquo;une dur\u00e9e de vie allong\u00e9e. Le reconditionnement des batteries est \u00e9galement effectif sur les chargeurs IMPRES sans \u00e9crans.<\/p>\n<p><strong>A savoir :<\/strong>\u00a0Le reconditionnement (d\u00e9charge compl\u00e8te avant recharge) de la batterie est automatique mais peut \u00eatre \u00e9vit\u00e9 par une simple manipulation pour plus de rapidit\u00e9. Il suffit de retirer la batterie de son emplacement de charge et de la mettre \u00e0 nouveau (la diode passe de l&rsquo;orange au rouge).<\/p>\n<p><strong>Notre avis : <\/strong>Pour une utilisation intensive ou sur le long terme, nous vous conseillons de privil\u00e9gier les batteries Li-Ion.<\/p>\n<p>Les batteries Ni-MH ayant une m\u00e9moire de charge, leur dur\u00e9e de vie ne d\u00e9passe g\u00e9n\u00e9ralement pas 3 ans.<\/p>\n<p>A intensit\u00e9 \u00e9gale, la batterie Li-Ion offre une autonomie sup\u00e9rieure ainsi qu&rsquo;un format et un poids r\u00e9duits. Sa dur\u00e9e de vie est en moyenne sup\u00e9rieure de 2 ans.<\/p>\n<p>Les batteries Ni-MH pr\u00e9sentent un int\u00e9r\u00eat en cas de climats tr\u00e8s froids (-20\u00b0C), en cas d&rsquo;import-export (conditionnement et tarifs) et son co\u00fbt peut convenir \u00e0 tout type de budget.<\/p>\n","protected":false},"excerpt":{"rendered":"<p>Batterie IMPRES Li-Ion 1950 mAh pour les gammes de talkies \u00a0DP2000, DP4000 et ainsi que les nouvelles s\u00e9ries \u00ab\u00a0e\u00a0\u00bb.<\/p>\n<p><strong>REMPLACE DESORMAIS LA REFERENCE\u00a0PMNN4435AR<\/strong><\/p>\n","protected":false},"featured_media":882,"template":"","meta":[],"product_brand":[3074],"product_cat":[3176,3177,3163],"product_tag":[3175,3203,3371],"class_list":{"0":"post-894","1":"product","2":"type-product","3":"status-publish","4":"has-post-thumbnail","6":"product_brand-motorola","7":"product_cat-r2-dp1400","8":"product_cat-r5-dp2000e","9":"product_cat-accessoires-talkies-motorola","10":"product_tag-batterie","11":"product_tag-dp2000","12":"product_tag-dp400","14":"first","15":"instock","16":"shipping-taxable","17":"purchasable","18":"product-type-simple"},"_links":{"self":[{"href":"https:\/\/lebrascommunication.fr\/ventes\/wp-json\/wp\/v2\/product\/894","targetHints":{"allow":["GET"]}}],"collection":[{"href":"https:\/\/lebrascommunication.fr\/ventes\/wp-json\/wp\/v2\/product"}],"about":[{"href":"https:\/\/lebrascommunication.fr\/ventes\/wp-json\/wp\/v2\/types\/product"}],"wp:featuredmedia":[{"embeddable":true,"href":"https:\/\/lebrascommunication.fr\/ventes\/wp-json\/wp\/v2\/media\/882"}],"wp:attachment":[{"href":"https:\/\/lebrascommunication.fr\/ventes\/wp-json\/wp\/v2\/media?parent=894"}],"wp:term":[{"taxonomy":"product_brand","embeddable":true,"href":"https:\/\/lebrascommunication.fr\/ventes\/wp-json\/wp\/v2\/product_brand?post=894"},{"taxonomy":"product_cat","embeddable":true,"href":"https:\/\/lebrascommunication.fr\/ventes\/wp-json\/wp\/v2\/product_cat?post=894"},{"taxonomy":"product_tag","embeddable":true,"href":"https:\/\/lebrascommunication.fr\/ventes\/wp-json\/wp\/v2\/product_tag?post=894"}],"curies":[{"name":"wp","href":"https:\/\/api.w.org\/{rel}","templated":true}]}}