{"id":818,"date":"2020-05-03T15:56:31","date_gmt":"2020-05-03T13:56:31","guid":{"rendered":"https:\/\/lebrascommunication.fr\/ventes\/produit\/licence-premium-dp4x01e\/"},"modified":"2026-01-13T10:29:19","modified_gmt":"2026-01-13T09:29:19","slug":"licence-premium-dp4x01e","status":"publish","type":"product","link":"https:\/\/lebrascommunication.fr\/ventes\/produit\/licence-premium-dp4x01e\/","title":{"rendered":"Licence Premium DP4X01e"},"content":{"rendered":"<p>Licence\u00a0Premium software features pour radios DP4401e, DP4601e, et DP4801e.<\/p>\n<p>Cette licence comprend les licences HKVN4239A, HKVN4284A, HKVN4285A, HKVN4371A, HKVN4383A, HKVN4405A, HKVN4431A, HKVN4497A, HKVN4498A, HKVN4379A, HKVN4382A et HKVN4499A.<\/p>\n<p>Une licence n\u00e9cessaire par poste.<\/p>\n<p><strong>Attention : <\/strong>pour activer vous m\u00eame une licence, le logiciel CPS, le ou les c\u00e2bles de programmation compatibles avec vos radios, une connexion internet ainsi que le code fournit \u00e0 l&rsquo;achat de la licence seront n\u00e9cessaires.<\/p>\n<p><strong>Sinon, chez LBC Systems l&rsquo;activation des licences est gratuite !<\/strong><\/p>\n","protected":false},"excerpt":{"rendered":"<p>Licence\u00a0Premium software features 1 pour radios DP4401e, DP4601e, et DP4801e.<\/p>\n","protected":false},"featured_media":814,"template":"","meta":[],"product_brand":[3074],"product_cat":[3163],"product_tag":[3519,3520,3530,3552,3257],"class_list":{"0":"post-818","1":"product","2":"type-product","3":"status-publish","4":"has-post-thumbnail","6":"product_brand-motorola","7":"product_cat-accessoires-talkies-motorola","8":"product_tag-dp4401e","9":"product_tag-dp4601e","10":"product_tag-dp4801e","11":"product_tag-dp4x01e","12":"product_tag-licence","14":"first","15":"instock","16":"shipping-taxable","17":"purchasable","18":"product-type-simple"},"_links":{"self":[{"href":"https:\/\/lebrascommunication.fr\/ventes\/wp-json\/wp\/v2\/product\/818","targetHints":{"allow":["GET"]}}],"collection":[{"href":"https:\/\/lebrascommunication.fr\/ventes\/wp-json\/wp\/v2\/product"}],"about":[{"href":"https:\/\/lebrascommunication.fr\/ventes\/wp-json\/wp\/v2\/types\/product"}],"wp:featuredmedia":[{"embeddable":true,"href":"https:\/\/lebrascommunication.fr\/ventes\/wp-json\/wp\/v2\/media\/814"}],"wp:attachment":[{"href":"https:\/\/lebrascommunication.fr\/ventes\/wp-json\/wp\/v2\/media?parent=818"}],"wp:term":[{"taxonomy":"product_brand","embeddable":true,"href":"https:\/\/lebrascommunication.fr\/ventes\/wp-json\/wp\/v2\/product_brand?post=818"},{"taxonomy":"product_cat","embeddable":true,"href":"https:\/\/lebrascommunication.fr\/ventes\/wp-json\/wp\/v2\/product_cat?post=818"},{"taxonomy":"product_tag","embeddable":true,"href":"https:\/\/lebrascommunication.fr\/ventes\/wp-json\/wp\/v2\/product_tag?post=818"}],"curies":[{"name":"wp","href":"https:\/\/api.w.org\/{rel}","templated":true}]}}