{"id":602,"date":"2016-03-09T17:59:50","date_gmt":"2016-03-09T16:59:50","guid":{"rendered":"https:\/\/lebrascommunication.fr\/ventes\/produit\/antenne-uhf-courte-430-470mhz\/"},"modified":"2026-01-23T08:46:52","modified_gmt":"2026-01-23T07:46:52","slug":"antenne-uhf-courte-430-470mhz","status":"publish","type":"product","link":"https:\/\/lebrascommunication.fr\/ventes\/produit\/antenne-uhf-courte-430-470mhz\/","title":{"rendered":"Antenne UHF Courte 430-470MHz"},"content":{"rendered":"<p>Antenne UHF 430-470MHz pour les gammes de talkies DP4000 ATEX.<\/p>\n<p><strong>Caract\u00e9ristiques :<\/strong><\/p>\n<ul>\n<li>Type : Compact (diam\u00e8tre \u00e9largi mais longueur r\u00e9duite)<\/li>\n<li>Fr\u00e9quence : 430-470MHz<\/li>\n<li>GPS : Oui<\/li>\n<li>Code couleur : Vert<\/li>\n<li>Norme ATEX milieux explosifs<\/li>\n<\/ul>\n<p><strong>Dimension : <\/strong>9cm<\/p>\n<p><strong>Poids : <\/strong>10g<\/p>\n","protected":false},"excerpt":{"rendered":"<p>Antenne UHF 430-470MHz pour les gammes de talkies DP4000 ATEX.<\/p>\n","protected":false},"featured_media":598,"template":"","meta":[],"product_brand":[3074],"product_cat":[3163],"product_tag":[3202,3712,3326,3374],"class_list":{"0":"post-602","1":"product","2":"type-product","3":"status-publish","4":"has-post-thumbnail","6":"product_brand-motorola","7":"product_cat-accessoires-talkies-motorola","8":"product_tag-antenne","9":"product_tag-antenne-courte","10":"product_tag-antenne-uhf","11":"product_tag-dp4000-atex","13":"first","14":"instock","15":"shipping-taxable","16":"purchasable","17":"product-type-simple"},"_links":{"self":[{"href":"https:\/\/lebrascommunication.fr\/ventes\/wp-json\/wp\/v2\/product\/602","targetHints":{"allow":["GET"]}}],"collection":[{"href":"https:\/\/lebrascommunication.fr\/ventes\/wp-json\/wp\/v2\/product"}],"about":[{"href":"https:\/\/lebrascommunication.fr\/ventes\/wp-json\/wp\/v2\/types\/product"}],"wp:featuredmedia":[{"embeddable":true,"href":"https:\/\/lebrascommunication.fr\/ventes\/wp-json\/wp\/v2\/media\/598"}],"wp:attachment":[{"href":"https:\/\/lebrascommunication.fr\/ventes\/wp-json\/wp\/v2\/media?parent=602"}],"wp:term":[{"taxonomy":"product_brand","embeddable":true,"href":"https:\/\/lebrascommunication.fr\/ventes\/wp-json\/wp\/v2\/product_brand?post=602"},{"taxonomy":"product_cat","embeddable":true,"href":"https:\/\/lebrascommunication.fr\/ventes\/wp-json\/wp\/v2\/product_cat?post=602"},{"taxonomy":"product_tag","embeddable":true,"href":"https:\/\/lebrascommunication.fr\/ventes\/wp-json\/wp\/v2\/product_tag?post=602"}],"curies":[{"name":"wp","href":"https:\/\/api.w.org\/{rel}","templated":true}]}}