{"id":484,"date":"2016-03-07T21:20:06","date_gmt":"2016-03-07T20:20:06","guid":{"rendered":"https:\/\/lebrascommunication.fr\/ventes\/produit\/licence-transmit-interrupt\/"},"modified":"2025-12-24T12:05:20","modified_gmt":"2025-12-24T11:05:20","slug":"licence-transmit-interrupt","status":"publish","type":"product","link":"https:\/\/lebrascommunication.fr\/ventes\/produit\/licence-transmit-interrupt\/","title":{"rendered":"Licence Transmit Interrupt"},"content":{"rendered":"<p>Licence Transmit Interrupt (priorit\u00e9 d&rsquo;appel) pour talkies et mobiles DP2400, DP2600, DM2600\u00a0et SL2600.<\/p>\n<p>Cette licence permet d&rsquo;interrompre une conversation en cours.<\/p>\n<p>Cette fonction est d\u00e9sormais offerte sur les mod\u00e8les \u00ab\u00a0e\u00a0\u00bb: DP2400e et DP2600e.<\/p>\n<p>Cette fonction est aussi offerte dans les mod\u00e8les des s\u00e9ries DP4000, DP4000 ATEX, SL4000, DP3441-DP3661e, DM4000 et tous les mod\u00e8les \u00ab\u00a0e\u00a0\u00bb.<\/p>\n<p>Une licence n\u00e9cessaire par poste.<\/p>\n<p><strong>Attention :\u00a0<\/strong>pour activer vous m\u00eame une licence, le logiciel CPS, le ou les c\u00e2bles de programmation compatibles avec vos radios, une connexion internet ainsi que le code fournit \u00e0 l&rsquo;achat de la licence seront n\u00e9cessaires.<\/p>\n<p><strong>Sinon, chez LBC Systems l&rsquo;activation des licences est gratuite !<\/strong><\/p>\n","protected":false},"excerpt":{"rendered":"<p>Licence Transmit Interrupt pour DP2000, DM2000 et SL2600.<\/p>\n","protected":false},"featured_media":482,"template":"","meta":[],"product_brand":[3074],"product_cat":[3177,3163,3181],"product_tag":[3373,3365,3445,3434,3446,3448,3257,3224],"class_list":{"0":"post-484","1":"product","2":"type-product","3":"status-publish","4":"has-post-thumbnail","6":"product_brand-motorola","7":"product_cat-r5-dp2000e","8":"product_cat-accessoires-talkies-motorola","9":"product_cat-sl-tlk","10":"product_tag-dm2600","11":"product_tag-dp2400","12":"product_tag-dp2400e","13":"product_tag-dp2600","14":"product_tag-dp2600e","15":"product_tag-interrupt","16":"product_tag-licence","17":"product_tag-sl2600","19":"first","20":"instock","21":"shipping-taxable","22":"purchasable","23":"product-type-simple"},"_links":{"self":[{"href":"https:\/\/lebrascommunication.fr\/ventes\/wp-json\/wp\/v2\/product\/484","targetHints":{"allow":["GET"]}}],"collection":[{"href":"https:\/\/lebrascommunication.fr\/ventes\/wp-json\/wp\/v2\/product"}],"about":[{"href":"https:\/\/lebrascommunication.fr\/ventes\/wp-json\/wp\/v2\/types\/product"}],"wp:featuredmedia":[{"embeddable":true,"href":"https:\/\/lebrascommunication.fr\/ventes\/wp-json\/wp\/v2\/media\/482"}],"wp:attachment":[{"href":"https:\/\/lebrascommunication.fr\/ventes\/wp-json\/wp\/v2\/media?parent=484"}],"wp:term":[{"taxonomy":"product_brand","embeddable":true,"href":"https:\/\/lebrascommunication.fr\/ventes\/wp-json\/wp\/v2\/product_brand?post=484"},{"taxonomy":"product_cat","embeddable":true,"href":"https:\/\/lebrascommunication.fr\/ventes\/wp-json\/wp\/v2\/product_cat?post=484"},{"taxonomy":"product_tag","embeddable":true,"href":"https:\/\/lebrascommunication.fr\/ventes\/wp-json\/wp\/v2\/product_tag?post=484"}],"curies":[{"name":"wp","href":"https:\/\/api.w.org\/{rel}","templated":true}]}}