{"id":374,"date":"2016-02-22T17:47:21","date_gmt":"2016-02-22T16:47:21","guid":{"rendered":"https:\/\/lebrascommunication.fr\/ventes\/produit\/dm4601\/"},"modified":"2026-01-27T09:25:06","modified_gmt":"2026-01-27T08:25:06","slug":"dm4601","status":"publish","type":"product","link":"https:\/\/lebrascommunication.fr\/ventes\/produit\/dm4601\/","title":{"rendered":"DM4601"},"content":{"rendered":"<div>\n<p><strong>Pack Standard: <\/strong><\/p>\n<ul>\n<li>1 \u00e9metteur-r\u00e9cepteur<\/li>\n<li>1 microphone \u00e0 main<\/li>\n<li>1 berceau de fixation<\/li>\n<li>1 c\u00e2ble d\u2019alimentation 12 Volts<\/li>\n<li>1 manuel d&rsquo;utilisation<\/li>\n<\/ul>\n<p><strong>Caract\u00e9ristiques:<\/strong><span id=\"result_box\" lang=\"fr\" xml:lang=\"fr\"><\/span><\/p>\n<ul>\n<li><span lang=\"fr\" xml:lang=\"fr\"> R\u00e9cepteur GPS int\u00e9gr\u00e9<\/span><\/li>\n<li><span lang=\"fr\" xml:lang=\"fr\">Bluetooth<\/span><\/li>\n<li><span lang=\"fr\" xml:lang=\"fr\"><span class=\"hps\">IP54<\/span> <\/span><\/li>\n<li><span lang=\"fr\" xml:lang=\"fr\"><span class=\"hps\">1000 canaux<\/span> <\/span><\/li>\n<li><span lang=\"fr\" xml:lang=\"fr\"><span class=\"hps\">Affichage alpha-num\u00e9rique \u00e0 4lignes<\/span><\/span><\/li>\n<li><span lang=\"fr\" xml:lang=\"fr\"> <span class=\"hps\">Haut-parleur int\u00e9gr\u00e9<\/span> <\/span><span lang=\"fr\" xml:lang=\"fr\"><span class=\"hps\">3 watt<\/span> <\/span><span lang=\"fr\" xml:lang=\"fr\"><span class=\"hps\">pour<\/span> <span class=\"hps\">un son clair<\/span><\/span><\/li>\n<li><span lang=\"fr\" xml:lang=\"fr\"> <span class=\"hps\">A<\/span><span class=\"hps\">vant<\/span> <span class=\"hps\">robuste et<\/span> <span class=\"hps\">connecteurs accessoires<\/span> <span class=\"hps\">arri\u00e8re<\/span><\/span><\/li>\n<li><span lang=\"fr\" xml:lang=\"fr\"> <span class=\"hps\">4<\/span> <span class=\"hps\">boutons programmables<\/span> <\/span>avec possibilit\u00e9 d&rsquo;en utiliser une comme touche d&rsquo;urgence<\/li>\n<li><span lang=\"fr\" xml:lang=\"fr\"> <span class=\"hps\">Voyants<\/span> de diff\u00e9rentes couleurs pour <span class=\"hps\">informer clairement<\/span> <span class=\"hps\">des conditions de fonctionnement<\/span> <span class=\"hps\">radio<\/span><\/span><\/li>\n<li><span lang=\"fr\" xml:lang=\"fr\">\u00a0<span class=\"hps\">ID PTT<\/span> <span class=\"hps\">permet d&rsquo;am\u00e9liorer<\/span> <span class=\"hps\">l&rsquo;efficacit\u00e9 des communications<\/span> <span class=\"hps\">et de la discipline<\/span> <span class=\"hps\">du syst\u00e8me<\/span><\/span><\/li>\n<li><span lang=\"fr\" xml:lang=\"fr\"> <span class=\"hps\">Les t\u00e9l\u00e9commandes<\/span><span class=\"hps\"> permettent une \u00e9valuation<\/span> <span class=\"hps\">rapide<\/span> <span class=\"hps\">de l&rsquo;\u00e9tat de<\/span> <span class=\"hps\">l&rsquo;utilisateur<\/span> <span class=\"hps\">\u00e0 distance<\/span><\/span><\/li>\n<li><span lang=\"fr\" xml:lang=\"fr\">\u00a0<span class=\"hps\">La fonction<\/span> <span class=\"hps\">Intelligent Audio<\/span> <span class=\"hps\">ajuste automatiquement le<\/span> <span class=\"hps\">volume de la radio<\/span>, selon le niveau de bruit <span class=\"hps\">de l&rsquo;environnement<\/span> de l&rsquo;utilisateur<\/span><\/li>\n<li><span lang=\"fr\" xml:lang=\"fr\"><span class=\"hps\">Annonce vocale<\/span> <span class=\"hps\">de<\/span> <span class=\"hps\">changement de canal<\/span> <span class=\"hps\">et<\/span> <span class=\"hps\">activation de la fonction<\/span><\/span><\/li>\n<li><span lang=\"fr\" xml:lang=\"fr\"><span class=\"hps\">Emission \u00e0 commande vocale (VOX).<\/span><\/span><\/li>\n<li><span lang=\"fr\" xml:lang=\"fr\"><span lang=\"fr\" xml:lang=\"fr\"><span class=\"hps\">IP Site<\/span> <span class=\"hps\">Connect<\/span> <span class=\"hps atn\">(<\/span>connectivit\u00e9 <span class=\"hps\">sites multiples<\/span>)<\/span><\/span><\/li>\n<li><span lang=\"fr\" xml:lang=\"fr\">Capacity Plus : trunk num\u00e9rique simple site <\/span><\/li>\n<li><span lang=\"fr\" xml:lang=\"fr\">Linked Capacity Plus : trunk multi-sites<\/span><\/li>\n<li>Espacement des canaux: 12,5, 20, 25<\/li>\n<li>5 TONS<\/li>\n<\/ul>\n<p><strong>Bandes de fr\u00e9quence: <span class=\"bodycopy\">VHF (136-174MHz); UHF1 (403-470MHz)<\/span><\/strong><\/p>\n<p><strong>Dimensions:\u00a0 53, 3\u00a0x\u00a0175, 3\u00a0x\u00a0205, 7 mm<\/strong><\/p>\n<p><strong>Poids: 1,8 kg<\/strong><\/p>\n<\/div>\n","protected":false},"excerpt":{"rendered":"<p>Mobile professionnel 1000 canaux Motorola avec GPS integr\u00e9<\/p>\n","protected":false},"featured_media":364,"template":"","meta":[],"product_brand":[3074],"product_cat":[3183],"product_tag":[3278,3279,3231,3756],"class_list":{"0":"post-374","1":"product","2":"type-product","3":"status-publish","4":"has-post-thumbnail","6":"product_brand-motorola","7":"product_cat-dm4000","8":"product_tag-base-mobile","9":"product_tag-bluetooth","10":"product_tag-dm4601","11":"product_tag-ip54","13":"first","14":"instock","15":"shipping-taxable","16":"purchasable","17":"product-type-simple"},"_links":{"self":[{"href":"https:\/\/lebrascommunication.fr\/ventes\/wp-json\/wp\/v2\/product\/374","targetHints":{"allow":["GET"]}}],"collection":[{"href":"https:\/\/lebrascommunication.fr\/ventes\/wp-json\/wp\/v2\/product"}],"about":[{"href":"https:\/\/lebrascommunication.fr\/ventes\/wp-json\/wp\/v2\/types\/product"}],"wp:featuredmedia":[{"embeddable":true,"href":"https:\/\/lebrascommunication.fr\/ventes\/wp-json\/wp\/v2\/media\/364"}],"wp:attachment":[{"href":"https:\/\/lebrascommunication.fr\/ventes\/wp-json\/wp\/v2\/media?parent=374"}],"wp:term":[{"taxonomy":"product_brand","embeddable":true,"href":"https:\/\/lebrascommunication.fr\/ventes\/wp-json\/wp\/v2\/product_brand?post=374"},{"taxonomy":"product_cat","embeddable":true,"href":"https:\/\/lebrascommunication.fr\/ventes\/wp-json\/wp\/v2\/product_cat?post=374"},{"taxonomy":"product_tag","embeddable":true,"href":"https:\/\/lebrascommunication.fr\/ventes\/wp-json\/wp\/v2\/product_tag?post=374"}],"curies":[{"name":"wp","href":"https:\/\/api.w.org\/{rel}","templated":true}]}}