{"id":3212,"date":"2025-10-02T16:19:34","date_gmt":"2025-10-02T14:19:34","guid":{"rendered":"https:\/\/lebrascommunication.fr\/ventes\/?post_type=product&#038;p=3212"},"modified":"2025-10-17T17:11:41","modified_gmt":"2025-10-17T15:11:41","slug":"abeille-bourbon","status":"publish","type":"product","link":"https:\/\/lebrascommunication.fr\/ventes\/produit\/abeille-bourbon\/","title":{"rendered":"Abeille Bourbon"},"content":{"rendered":"<p>Navire-jumeau de l&rsquo;Abeille Libert\u00e9, long de 80 m\u00e8tres avec une force de traction de 200 tonnes, 12 hommes d&rsquo;\u00e9quipage, con\u00e7u par l&rsquo;architecte naval norv\u00e9gien Sigmund Borgundvaag et construit par Kleven Maritim. Il est baptis\u00e9 le 13 avril 2005 par Jacques de Chateauvieux en pr\u00e9sence de Bernadette Chirac, sa marraine. Il est bas\u00e9 \u00e0 Brest et assure la s\u00e9curit\u00e9 maritime du rail d&rsquo;Ouessant.<\/p>\n<p>L\u2019Abeille Bourbon est propri\u00e9t\u00e9 de la soci\u00e9t\u00e9 Les Abeilles International. L\u2019Abeille est affr\u00e9t\u00e9 par la Marine nationale au profit de l&rsquo;action de l&rsquo;\u00c9tat en mer. Elle se trouve \u00e0 la disposition du pr\u00e9fet maritime de Brest \u00e0 n&rsquo;importe quel moment.<\/p>\n<p>L&rsquo;Abeille Bourbon change de nom en avril 2025 pour VB Abeille Bretagne.<br \/>\nLongueur 80 m<br \/>\nMa\u00eetre-bau 16,5 m<br \/>\nTirant d&rsquo;eau 6 m<br \/>\nTonnage 3 200<br \/>\nPropulsion 4 000 kilowatts ou 5 435 ch \u00d7 4<br \/>\nPuissance 21 743 ch<br \/>\nCapacit\u00e9 200 tonnes de traction au point fixe<\/p>\n","protected":false},"excerpt":{"rendered":"<p>L\u2019Abeille Bourbon, Abeille Bretagne depuis le 22 mai 2025, est un navire de remorquage d&rsquo;urgence, d&rsquo;intervention, d&rsquo;assistance et de sauvetage en mer (RIAS).<\/p>\n","protected":false},"featured_media":3213,"template":"","meta":[],"product_brand":[3075],"product_cat":[3149],"product_tag":[],"class_list":{"0":"post-3212","1":"product","2":"type-product","3":"status-publish","4":"has-post-thumbnail","6":"product_brand-kenwood","7":"product_cat-non-classe","9":"first","10":"instock","11":"shipping-taxable","12":"purchasable","13":"product-type-variable","14":"has-default-attributes"},"_links":{"self":[{"href":"https:\/\/lebrascommunication.fr\/ventes\/wp-json\/wp\/v2\/product\/3212","targetHints":{"allow":["GET"]}}],"collection":[{"href":"https:\/\/lebrascommunication.fr\/ventes\/wp-json\/wp\/v2\/product"}],"about":[{"href":"https:\/\/lebrascommunication.fr\/ventes\/wp-json\/wp\/v2\/types\/product"}],"wp:featuredmedia":[{"embeddable":true,"href":"https:\/\/lebrascommunication.fr\/ventes\/wp-json\/wp\/v2\/media\/3213"}],"wp:attachment":[{"href":"https:\/\/lebrascommunication.fr\/ventes\/wp-json\/wp\/v2\/media?parent=3212"}],"wp:term":[{"taxonomy":"product_brand","embeddable":true,"href":"https:\/\/lebrascommunication.fr\/ventes\/wp-json\/wp\/v2\/product_brand?post=3212"},{"taxonomy":"product_cat","embeddable":true,"href":"https:\/\/lebrascommunication.fr\/ventes\/wp-json\/wp\/v2\/product_cat?post=3212"},{"taxonomy":"product_tag","embeddable":true,"href":"https:\/\/lebrascommunication.fr\/ventes\/wp-json\/wp\/v2\/product_tag?post=3212"}],"curies":[{"name":"wp","href":"https:\/\/api.w.org\/{rel}","templated":true}]}}