{"id":2297,"date":"2018-05-24T16:33:02","date_gmt":"2018-05-24T14:33:02","guid":{"rendered":"https:\/\/lebrascommunication.fr\/ventes\/produit\/antenne-vhf-fixe-etanche-2\/"},"modified":"2026-01-22T15:37:40","modified_gmt":"2026-01-22T14:37:40","slug":"antenne-vhf-fixe-etanche-2","status":"publish","type":"product","link":"https:\/\/lebrascommunication.fr\/ventes\/produit\/antenne-vhf-fixe-etanche-2\/","title":{"rendered":"Antenne VHF 6dB, 50W,156-162MHz"},"content":{"rendered":"<p><strong>Caract\u00e9ristiques :<\/strong><\/p>\n<ul>\n<li>Fr\u00e9quence : 156-162 MHz<\/li>\n<li>Longueur : 2,4 m<\/li>\n<li>Puissance : 50 W<\/li>\n<\/ul>\n<p><strong><br \/>\nCompatible avec les bases suivantes :<b style=\"color: #000000; font-family: Verdana, Arial, Helvetica, sans-serif; font-size: small; font-style: normal; letter-spacing: normal; text-align: left; text-indent: 0px; text-transform: none; white-space: normal; word-spacing: 0px; background-color: #ffffff;\">\u00a0<\/b><\/strong><\/p>\n<ul>\n<li>GM-600<\/li>\n<li>IC-M304<\/li>\n<li>IC-M323<\/li>\n<li>IC-M400BB<\/li>\n<li>IC-M401E<\/li>\n<li>IC-M402E<\/li>\n<li>IC-M411<\/li>\n<li>IC-M421<\/li>\n<li>IC-M423<\/li>\n<li>IC-M423G<\/li>\n<li>IC-M45<\/li>\n<li>IC-M501EURO<\/li>\n<li>IC-M503E<\/li>\n<li>IC-M505<\/li>\n<li>IC-M506EUROPLUS<\/li>\n<li>IC-M55<\/li>\n<li>IC-M56<\/li>\n<li>IC-M58<\/li>\n<li>IC-M59<\/li>\n<li>IC-M59EURO<\/li>\n<li>IC-M601<\/li>\n<li>IC-M602<\/li>\n<li>IC-M603<\/li>\n<li>IC-M605EURO<\/li>\n<li>PACK_GM600 (12V et 24V)<\/li>\n<li>PACK-M503E<\/li>\n<li>PACK-M505<\/li>\n<li>PACK-M603<\/li>\n<\/ul>\n<p><strong><br \/>\nCompatible aves les appareils de navigations suivants :<\/strong><\/p>\n<ul>\n<li>MXA-5000<\/li>\n<li>MXG-5000<\/li>\n<li>PACK-MA500TR<\/li>\n<\/ul>\n","protected":false},"excerpt":{"rendered":"<p>Antenne VHF 156-162 MHz<\/p>\n<p>Livr\u00e9e avec c\u00e2ble d&rsquo;antenne de 5 m\u00e8tres et connectique PL259<\/p>\n","protected":false},"featured_media":2295,"template":"","meta":[],"product_brand":[3077],"product_cat":[3082],"product_tag":[3202,3652,3651,3553,3653,3654,3655,3656,3657,3658,3659,3660,3661,3663,3662,3664,3665,3666,3667,3668,3669,3670,3671,3672,3673,3678,3679,3674,3675,3676,3677,3680,3280],"class_list":{"0":"post-2297","1":"product","2":"type-product","3":"status-publish","4":"has-post-thumbnail","6":"product_brand-icom","7":"product_cat-accessoires-talkies-pro-icom","8":"product_tag-antenne","9":"product_tag-gm-600","10":"product_tag-ic-m304","11":"product_tag-ic-m323","12":"product_tag-ic-m400bb","13":"product_tag-ic-m401e","14":"product_tag-ic-m402e","15":"product_tag-ic-m411","16":"product_tag-ic-m421","17":"product_tag-ic-m423","18":"product_tag-ic-m423g","19":"product_tag-ic-m45","20":"product_tag-ic-m501euro","21":"product_tag-ic-m503e","22":"product_tag-ic-m505","23":"product_tag-ic-m506europlus","24":"product_tag-ic-m55","25":"product_tag-ic-m56","26":"product_tag-ic-m58","27":"product_tag-ic-m59","28":"product_tag-ic-m59euro","29":"product_tag-ic-m601","30":"product_tag-ic-m602","31":"product_tag-ic-m603","32":"product_tag-ic-m605euro","33":"product_tag-mxa-5000","34":"product_tag-mxg-5000","35":"product_tag-pack_gm600","36":"product_tag-pack-m503e","37":"product_tag-pack-m505","38":"product_tag-pack-m603","39":"product_tag-pack-ma500tr","40":"product_tag-vhf","42":"first","43":"instock","44":"shipping-taxable","45":"purchasable","46":"product-type-simple"},"_links":{"self":[{"href":"https:\/\/lebrascommunication.fr\/ventes\/wp-json\/wp\/v2\/product\/2297","targetHints":{"allow":["GET"]}}],"collection":[{"href":"https:\/\/lebrascommunication.fr\/ventes\/wp-json\/wp\/v2\/product"}],"about":[{"href":"https:\/\/lebrascommunication.fr\/ventes\/wp-json\/wp\/v2\/types\/product"}],"wp:featuredmedia":[{"embeddable":true,"href":"https:\/\/lebrascommunication.fr\/ventes\/wp-json\/wp\/v2\/media\/2295"}],"wp:attachment":[{"href":"https:\/\/lebrascommunication.fr\/ventes\/wp-json\/wp\/v2\/media?parent=2297"}],"wp:term":[{"taxonomy":"product_brand","embeddable":true,"href":"https:\/\/lebrascommunication.fr\/ventes\/wp-json\/wp\/v2\/product_brand?post=2297"},{"taxonomy":"product_cat","embeddable":true,"href":"https:\/\/lebrascommunication.fr\/ventes\/wp-json\/wp\/v2\/product_cat?post=2297"},{"taxonomy":"product_tag","embeddable":true,"href":"https:\/\/lebrascommunication.fr\/ventes\/wp-json\/wp\/v2\/product_tag?post=2297"}],"curies":[{"name":"wp","href":"https:\/\/api.w.org\/{rel}","templated":true}]}}