{"id":2249,"date":"2018-04-15T17:16:23","date_gmt":"2018-04-15T15:16:23","guid":{"rendered":"https:\/\/lebrascommunication.fr\/ventes\/produit\/antenne-vhf-12db-156-174mhz\/"},"modified":"2026-02-03T13:58:00","modified_gmt":"2026-02-03T12:58:00","slug":"antenne-vhf-12db-156-174mhz","status":"publish","type":"product","link":"https:\/\/lebrascommunication.fr\/ventes\/produit\/antenne-vhf-12db-156-174mhz\/","title":{"rendered":"Antenne VHF 12dB  156-174MHz"},"content":{"rendered":"<p><strong>Caract\u00e9ristiques :<\/strong><\/p>\n<ul>\n<li>Fr\u00e9quence : 156-163 MHz<\/li>\n<li>Longueur : 7 m<\/li>\n<li>Gain : 12 dB<\/li>\n<li>Puissance : 200 W<\/li>\n<li>2 brins<\/li>\n<\/ul>\n<p><strong>Compatible avec les bases marine suivantes :<b style=\"color: #000000;font-family: Verdana, Arial, Helvetica, sans-serif;font-size: small;font-style: normal;letter-spacing: normal;text-align: left;text-indent: 0px;text-transform: none;background-color: #ffffff\">\u00a0<\/b><\/strong><\/p>\n<ul>\n<li>GM600<\/li>\n<li>IC-M304<\/li>\n<li>IC-M323 (et ses d\u00e9clinaisons)<\/li>\n<li>IC-M400BB<\/li>\n<li>IC-M401E<\/li>\n<li>IC-M402<\/li>\n<li>IC-M411<\/li>\n<li>IC-M421<\/li>\n<li>IC-M423 (et ses d\u00e9clinaisons)<\/li>\n<li>IC-M45<\/li>\n<li>IC-M501EURO<\/li>\n<li>IC-M503E<\/li>\n<li>IC-M505<\/li>\n<li>IC-M506EUROPLUS<\/li>\n<li>IC-M55<\/li>\n<li>IC-M56<\/li>\n<li>IC-M58<\/li>\n<li>IC-M59<\/li>\n<li>IC-M59EURO<\/li>\n<li>IC-M601<\/li>\n<li>IC-M602<\/li>\n<li>IC-M603<\/li>\n<li>IC-M605EURO<\/li>\n<li>PACK-GM600 (12V et 24V)<\/li>\n<li>PACK-M503R<\/li>\n<li>PACK-M505<\/li>\n<li>PACK-M603<\/li>\n<\/ul>\n<p><strong><br \/>\nAttention : les fixations ne sont pas fournies (n\u00e9cessite : embase de fixation r\u00e9f: MB-BA15 et la fixation lat\u00e9rale r\u00e9f: MB-BA20)<\/strong><\/p>\n","protected":false},"excerpt":{"rendered":"<p>Antenne VHF pour les bases mobiles con\u00e7ues pour la marine<\/p>\n<p>Attention : les fixations ne sont pas fournies (n\u00e9cessite : embase de fixation r\u00e9f: MB-BA15 et la fixation lat\u00e9rale r\u00e9f: MB-BA20)<\/p>\n","protected":false},"featured_media":2246,"template":"","meta":[],"product_brand":[3077],"product_cat":[3147],"product_tag":[3202,3278,3548,3280],"class_list":{"0":"post-2249","1":"product","2":"type-product","3":"status-publish","4":"has-post-thumbnail","6":"product_brand-icom","7":"product_cat-accessoires-pour-bases-mobiles-icom","8":"product_tag-antenne","9":"product_tag-base-mobile","10":"product_tag-marine","11":"product_tag-vhf","13":"first","14":"instock","15":"shipping-taxable","16":"purchasable","17":"product-type-simple"},"_links":{"self":[{"href":"https:\/\/lebrascommunication.fr\/ventes\/wp-json\/wp\/v2\/product\/2249","targetHints":{"allow":["GET"]}}],"collection":[{"href":"https:\/\/lebrascommunication.fr\/ventes\/wp-json\/wp\/v2\/product"}],"about":[{"href":"https:\/\/lebrascommunication.fr\/ventes\/wp-json\/wp\/v2\/types\/product"}],"wp:featuredmedia":[{"embeddable":true,"href":"https:\/\/lebrascommunication.fr\/ventes\/wp-json\/wp\/v2\/media\/2246"}],"wp:attachment":[{"href":"https:\/\/lebrascommunication.fr\/ventes\/wp-json\/wp\/v2\/media?parent=2249"}],"wp:term":[{"taxonomy":"product_brand","embeddable":true,"href":"https:\/\/lebrascommunication.fr\/ventes\/wp-json\/wp\/v2\/product_brand?post=2249"},{"taxonomy":"product_cat","embeddable":true,"href":"https:\/\/lebrascommunication.fr\/ventes\/wp-json\/wp\/v2\/product_cat?post=2249"},{"taxonomy":"product_tag","embeddable":true,"href":"https:\/\/lebrascommunication.fr\/ventes\/wp-json\/wp\/v2\/product_tag?post=2249"}],"curies":[{"name":"wp","href":"https:\/\/api.w.org\/{rel}","templated":true}]}}