{"id":2189,"date":"2018-01-09T13:04:22","date_gmt":"2018-01-09T12:04:22","guid":{"rendered":"https:\/\/lebrascommunication.fr\/ventes\/produit\/recepteur-ic-r6\/"},"modified":"2026-02-20T12:00:00","modified_gmt":"2026-02-20T11:00:00","slug":"recepteur-ic-r6","status":"publish","type":"product","link":"https:\/\/lebrascommunication.fr\/ventes\/produit\/recepteur-ic-r6\/","title":{"rendered":"R\u00e9cepteur IC-R6"},"content":{"rendered":"<p><strong>R\u00e9cepteur compact, l\u00e9ger et simple d&rsquo;utilisation.<\/strong><\/p>\n<p><strong>Caract\u00e9ristiques:<\/strong><\/p>\n<ul>\n<li>Couverture large bande : 0,100 &#8211; 1309,995 MHz<b style=\"color: #000000;font-family: Verdana, Arial, Helvetica, sans-serif;font-size: small;font-style: normal;letter-spacing: normal;text-align: left;text-indent: 0px;text-transform: none;background-color: #ffffff\"><br \/>\n<\/b><\/li>\n<li>R\u00e9cepteur performant<\/li>\n<li>Gestion des m\u00e9moires performante (1300 canaux m\u00e9morisable, 22 banques)<\/li>\n<li>Att\u00e9nuateur RF et filtre audio passe-bas<\/li>\n<li>Ecran LCD et clavier triple scanning (100 canaux par seconde)<\/li>\n<li>Grande autonomie : 15h d&rsquo;\u00e9coute en continu<\/li>\n<li>Livr\u00e9 avec batteries rechargeables<\/li>\n<li>Mode FM \/ AM \/ WFM<\/li>\n<\/ul>\n<p><strong><span class=\"bodycopy\">Dimensions : 58 x 56 x 30 mm<\/span><\/strong><\/p>\n<p><strong>Poids: 200 g<\/strong><\/p>\n<p>&nbsp;<\/p>\n<p><strong>Le pack standard comprend :<br \/>\n<\/strong><\/p>\n<ul>\n<li>Un portatif<\/li>\n<li>Un chargeur avec alimentation (r\u00e9f: BC-192\u00a0 \/\u00a0 BC-206SE)<\/li>\n<li>Une batterie Ni-MH 1400 mAh (r\u00e9f: BP-264)<\/li>\n<li>Une antenne flexible VHF 144-146 MHz BNC (r\u00e9f: FA-B2E)<\/li>\n<\/ul>\n<ul>\n<li>Un clip ceinture (r\u00e9f: MB-124)<\/li>\n<li>Un guide d&rsquo;utilisation en fran\u00e7ais<\/li>\n<\/ul>\n<h5><strong><span style=\"color: #000000;font-family: Verdana, Arial, Helvetica, sans-serif;font-size: small;font-style: normal;letter-spacing: normal;text-align: left;text-indent: 0px;text-transform: none;background-color: #ffffff;float: none\">\u00a0<\/span><\/strong><\/h5>\n<p>Fabrication japonaise.<\/p>\n<h5>Ce produit est garantit 3 ans. Nos conditions de garantie sont souples (voir les conditions g\u00e9n\u00e9rales de vente).<\/h5>\n<h5><\/h5>\n<h5><\/h5>\n","protected":false},"excerpt":{"rendered":"<p>Portatif r\u00e9cepteur compact large bande recommand\u00e9 pour l&rsquo;\u00e9coute des bandes aviation.<\/p>\n","protected":false},"featured_media":2180,"template":"","meta":[],"product_brand":[3077],"product_cat":[3144],"product_tag":[3744,3967,3966],"class_list":{"0":"post-2189","1":"product","2":"type-product","3":"status-publish","4":"has-post-thumbnail","6":"product_brand-icom","7":"product_cat-talkies-pro-icom-talkies-pro-icom","8":"product_tag-compact","9":"product_tag-ic-r6","10":"product_tag-recepteur","12":"first","13":"instock","14":"shipping-taxable","15":"purchasable","16":"product-type-simple"},"_links":{"self":[{"href":"https:\/\/lebrascommunication.fr\/ventes\/wp-json\/wp\/v2\/product\/2189","targetHints":{"allow":["GET"]}}],"collection":[{"href":"https:\/\/lebrascommunication.fr\/ventes\/wp-json\/wp\/v2\/product"}],"about":[{"href":"https:\/\/lebrascommunication.fr\/ventes\/wp-json\/wp\/v2\/types\/product"}],"wp:featuredmedia":[{"embeddable":true,"href":"https:\/\/lebrascommunication.fr\/ventes\/wp-json\/wp\/v2\/media\/2180"}],"wp:attachment":[{"href":"https:\/\/lebrascommunication.fr\/ventes\/wp-json\/wp\/v2\/media?parent=2189"}],"wp:term":[{"taxonomy":"product_brand","embeddable":true,"href":"https:\/\/lebrascommunication.fr\/ventes\/wp-json\/wp\/v2\/product_brand?post=2189"},{"taxonomy":"product_cat","embeddable":true,"href":"https:\/\/lebrascommunication.fr\/ventes\/wp-json\/wp\/v2\/product_cat?post=2189"},{"taxonomy":"product_tag","embeddable":true,"href":"https:\/\/lebrascommunication.fr\/ventes\/wp-json\/wp\/v2\/product_tag?post=2189"}],"curies":[{"name":"wp","href":"https:\/\/api.w.org\/{rel}","templated":true}]}}