{"id":2181,"date":"2018-03-15T15:40:17","date_gmt":"2018-03-15T14:40:17","guid":{"rendered":"https:\/\/lebrascommunication.fr\/ventes\/produit\/ic-m85e\/"},"modified":"2026-02-19T15:12:17","modified_gmt":"2026-02-19T14:12:17","slug":"ic-m85e","status":"publish","type":"product","link":"https:\/\/lebrascommunication.fr\/ventes\/produit\/ic-m85e\/","title":{"rendered":"IC-M85E"},"content":{"rendered":"<p><strong>Portatif analogique VHF ultra-compact avec grande puissance audio, 100 canaux, con\u00e7u pour la marine.<\/strong><\/p>\n<p><strong>Caract\u00e9ristiques:<\/strong><\/p>\n<ul>\n<li>Portatif ultra compact et l\u00e9ger<\/li>\n<li>Ecran r\u00e9tro\u00e9clair\u00e9 et clavier<\/li>\n<li>Etanch\u00e9it\u00e9 : IP67 (immersion \u00e0 1m pendant 30min)<\/li>\n<li>Puissance : 5W<\/li>\n<li>Puissance audio : 700 mW<\/li>\n<li>Fr\u00e9quences terrestres : 156 &#8211; 163 MHz<\/li>\n<li>Prise accessoires pour micro et casque<\/li>\n<li>Alarme d&rsquo;urgence automatique : fonction man-down et travailleur isol\u00e9<\/li>\n<li>Fonction aqua-quake : Ejection d\u2019eau par infrasons, pour \u201cs\u00e9cher\u201d le micro et le haut-parleur. S&rsquo;active d\u00e8s la sortie de l&rsquo;eau<\/li>\n<li>CTCSS \/ DTCS<\/li>\n<\/ul>\n<ul>\n<li>Brouilleur 32 codes<\/li>\n<\/ul>\n<p><strong>Bandes de fr\u00e9quence:\u00a0<span class=\"bodycopy\">VHF 156-163.425MHz<br \/>\n<\/span><\/strong><\/p>\n<p><strong><span class=\"bodycopy\">Dimensions : 29 x 92 x 5 mm<\/span><\/strong><\/p>\n<p><strong>Poids: 246 g<\/strong><\/p>\n<p>&nbsp;<\/p>\n<p><strong>Le pack standard comprend :<br \/>\n<\/strong><\/p>\n<ul>\n<li>Un portatif<\/li>\n<li>Une antenne de type J VHF 146 &#8211; 174 MHz (r\u00e9f: FA-SC58V)<\/li>\n<\/ul>\n<ul>\n<li>Une batterie Li-Ion 2010 mAh (r\u00e9f: BP-290)<\/li>\n<\/ul>\n<ul>\n<li>Une alimentation secteur pour chargeur 12V 1Ah (r\u00e9f: BC-123SE)<\/li>\n<li>Un chargeur rapide individuel (r\u00e9f: BC-227)<\/li>\n<\/ul>\n<ul>\n<li>Un guide d&rsquo;utilisation<\/li>\n<\/ul>\n<p>Fabrication japonaise.<\/p>\n<p>Ce produit est garantit 3 ans. Nos conditions de garantie sont souples (voir les conditions g\u00e9n\u00e9rales de vente).<\/p>\n<h5><\/h5>\n<h5><\/h5>\n","protected":false},"excerpt":{"rendered":"<p><strong>Portatif analogique VHF et PMR, ultra-compact, 100 canaux, con\u00e7u pour la marine.<br \/>\n<\/strong><\/p>\n<p><strong>Ce talkie r\u00e9pond \u00e0 la norme militaire MIL-STD\u00a0<\/strong><\/p>\n","protected":false},"featured_media":2163,"template":"","meta":[],"product_brand":[],"product_cat":[3144],"product_tag":[3924,3584,3548,3922,3501,3923,3280],"class_list":{"0":"post-2181","1":"product","2":"type-product","3":"status-publish","4":"has-post-thumbnail","6":"product_cat-talkies-pro-icom-talkies-pro-icom","7":"product_tag-100-canaux","8":"product_tag-ic-m85e","9":"product_tag-marine","10":"product_tag-pmr","11":"product_tag-portatif","12":"product_tag-ultra-compact","13":"product_tag-vhf","15":"first","16":"instock","17":"featured","18":"shipping-taxable","19":"purchasable","20":"product-type-simple"},"_links":{"self":[{"href":"https:\/\/lebrascommunication.fr\/ventes\/wp-json\/wp\/v2\/product\/2181","targetHints":{"allow":["GET"]}}],"collection":[{"href":"https:\/\/lebrascommunication.fr\/ventes\/wp-json\/wp\/v2\/product"}],"about":[{"href":"https:\/\/lebrascommunication.fr\/ventes\/wp-json\/wp\/v2\/types\/product"}],"wp:featuredmedia":[{"embeddable":true,"href":"https:\/\/lebrascommunication.fr\/ventes\/wp-json\/wp\/v2\/media\/2163"}],"wp:attachment":[{"href":"https:\/\/lebrascommunication.fr\/ventes\/wp-json\/wp\/v2\/media?parent=2181"}],"wp:term":[{"taxonomy":"product_brand","embeddable":true,"href":"https:\/\/lebrascommunication.fr\/ventes\/wp-json\/wp\/v2\/product_brand?post=2181"},{"taxonomy":"product_cat","embeddable":true,"href":"https:\/\/lebrascommunication.fr\/ventes\/wp-json\/wp\/v2\/product_cat?post=2181"},{"taxonomy":"product_tag","embeddable":true,"href":"https:\/\/lebrascommunication.fr\/ventes\/wp-json\/wp\/v2\/product_tag?post=2181"}],"curies":[{"name":"wp","href":"https:\/\/api.w.org\/{rel}","templated":true}]}}