{"id":2179,"date":"2018-01-09T12:35:18","date_gmt":"2018-01-09T11:35:18","guid":{"rendered":"https:\/\/lebrascommunication.fr\/ventes\/produit\/ic-v80e\/"},"modified":"2026-01-26T15:51:01","modified_gmt":"2026-01-26T14:51:01","slug":"ic-v80e","status":"publish","type":"product","link":"https:\/\/lebrascommunication.fr\/ventes\/produit\/ic-v80e\/","title":{"rendered":"IC-V80E"},"content":{"rendered":"<p><strong>Portatif VHF compact et simple d&rsquo;utilisation.<\/strong><\/p>\n<p><strong>Caract\u00e9ristiques:<\/strong><\/p>\n<ul>\n<li>Fr\u00e9quences : 144-146 MHz <b style=\"color: #000000; font-family: Verdana, Arial, Helvetica, sans-serif; font-size: small; font-style: normal; letter-spacing: normal; text-align: left; text-indent: 0px; text-transform: none; white-space: normal; word-spacing: 0px; background-color: #ffffff;\"><br \/>\n<\/b><\/li>\n<li>Fr\u00e9quence vol libre : 143,9675 MHz<\/li>\n<li>Mode d\u00e9bridage : 136-174 MHz<\/li>\n<li>Puissance : 5,5 W<\/li>\n<li>Grande autonomie : 13h avec la batterie d&rsquo;origine BP-264; 19h avec la batterie optionnelle BP-265<\/li>\n<li>207 canaux<\/li>\n<li>Ecran LCD et clavier r\u00e9tro-\u00e9clair\u00e9<\/li>\n<li>Etanch\u00e9it\u00e9 : IP54<\/li>\n<li>Robustesse : r\u00e9pond \u00e0 la norme militaire MIL-STD-810<\/li>\n<li>Ampli audio puissant : 750 mW<\/li>\n<li>Fonction VOX int\u00e9gr\u00e9e (avec adaptateur optionnel OPC-2004 pour utilisation main libre avec oreillette et casque)<\/li>\n<li>Fonction \u00ab\u00a0power save\u00a0\u00bb<\/li>\n<li>Accroche batterie s\u00e9curis\u00e9e<\/li>\n<\/ul>\n<p><strong>Bandes de fr\u00e9quence:\u00a0<span class=\"bodycopy\">VHF 144-146 MHz<br \/>\n<\/span><\/strong><\/p>\n<p><strong><span class=\"bodycopy\">Dimensions : 58 x 112 x 30 mm<\/span><\/strong><\/p>\n<p><strong>Poids: 360 (avec batterie BP-264)<\/strong><\/p>\n<p>&nbsp;<\/p>\n<p><strong>Le pack standard comprend :<br \/>\n<\/strong><\/p>\n<ul>\n<li>Un portatif<\/li>\n<li>Un chargeur avec alimentation (r\u00e9f: BC-192\u00a0 \/\u00a0 BC-206SE)<\/li>\n<li>Une batterie Ni-MH 1400 mAh (r\u00e9f: BP-264)<\/li>\n<li>Une antenne flexible VHF 144-146 MHz BNC (r\u00e9f: FA-B2E)<\/li>\n<\/ul>\n<ul>\n<li>Un clip ceinture (r\u00e9f: MB-124)<\/li>\n<li>Un guide d&rsquo;utilisation en fran\u00e7ais<\/li>\n<\/ul>\n<h5><strong><span style=\"color: #000000; font-family: Verdana, Arial, Helvetica, sans-serif; font-size: small; font-style: normal; letter-spacing: normal; text-align: left; text-indent: 0px; text-transform: none; white-space: normal; word-spacing: 0px; background-color: #ffffff; float: none;\">\u00a0<\/span><\/strong><\/h5>\n<p>Fabrication japonaise.<\/p>\n<h5>Ce produit est garantit 3 ans. Nos conditions de garantie sont souples (voir les conditions g\u00e9n\u00e9rales de vente).<\/h5>\n<h5><\/h5>\n<h5><\/h5>\n","protected":false},"excerpt":{"rendered":"<p>Radioamateur VHF utilisable en vol libre. Ce portatif est \u00e9galement id\u00e9al pour une utilisation en montagne.<\/p>\n<p>Cette radio r\u00e9pond \u00e0 la norme militaire MIL-STD-810.<\/p>\n","protected":false},"featured_media":2177,"template":"","meta":[],"product_brand":[3077],"product_cat":[3144],"product_tag":[3739,3450],"class_list":{"0":"post-2179","1":"product","2":"type-product","3":"status-publish","4":"has-post-thumbnail","6":"product_brand-icom","7":"product_cat-talkies-pro-icom-talkies-pro-icom","8":"product_tag-ic-v80e","9":"product_tag-portatif-vhf","11":"first","12":"instock","13":"shipping-taxable","14":"purchasable","15":"product-type-simple"},"_links":{"self":[{"href":"https:\/\/lebrascommunication.fr\/ventes\/wp-json\/wp\/v2\/product\/2179","targetHints":{"allow":["GET"]}}],"collection":[{"href":"https:\/\/lebrascommunication.fr\/ventes\/wp-json\/wp\/v2\/product"}],"about":[{"href":"https:\/\/lebrascommunication.fr\/ventes\/wp-json\/wp\/v2\/types\/product"}],"wp:featuredmedia":[{"embeddable":true,"href":"https:\/\/lebrascommunication.fr\/ventes\/wp-json\/wp\/v2\/media\/2177"}],"wp:attachment":[{"href":"https:\/\/lebrascommunication.fr\/ventes\/wp-json\/wp\/v2\/media?parent=2179"}],"wp:term":[{"taxonomy":"product_brand","embeddable":true,"href":"https:\/\/lebrascommunication.fr\/ventes\/wp-json\/wp\/v2\/product_brand?post=2179"},{"taxonomy":"product_cat","embeddable":true,"href":"https:\/\/lebrascommunication.fr\/ventes\/wp-json\/wp\/v2\/product_cat?post=2179"},{"taxonomy":"product_tag","embeddable":true,"href":"https:\/\/lebrascommunication.fr\/ventes\/wp-json\/wp\/v2\/product_tag?post=2179"}],"curies":[{"name":"wp","href":"https:\/\/api.w.org\/{rel}","templated":true}]}}