{"id":1962,"date":"2020-05-29T14:06:06","date_gmt":"2020-05-29T12:06:06","guid":{"rendered":"https:\/\/lebrascommunication.fr\/ventes\/produit\/tlk100-3\/"},"modified":"2026-01-08T16:45:51","modified_gmt":"2026-01-08T15:45:51","slug":"tlk100-3","status":"publish","type":"product","link":"https:\/\/lebrascommunication.fr\/ventes\/produit\/tlk100-3\/","title":{"rendered":"TLK100 et Wave PTX"},"content":{"rendered":"<p><strong>Portatif slim sur r\u00e9seau 3G\/4G avec\u00a0GPS. Ce talkie fait partie du nouveau syst\u00e8me Wave PTX de Motorola et n\u00e9cessite obligatoirement un abonnement au serveur de Motorola avec couverture sur l&rsquo;Europe par les grands op\u00e9rateurs 3G\/4G.<\/strong><\/p>\n<p><strong>Caract\u00e9ristiques:<\/strong><\/p>\n<ul>\n<li>Utilise le r\u00e9seau 4G sur toute l&rsquo;Europe (abonnement Wave PTX obligatoire)<\/li>\n<li>Sim int\u00e9gr\u00e9e (e-sim) uniquement compatible avec les abonnements Motorola<\/li>\n<li>8 canaux extensible \u00e0 96*<\/li>\n<li>Appel individuel, de groupe, de flotte, prioritaire ou d&rsquo;urgence*<\/li>\n<li>Balayage des groupes de parole avec priorit\u00e9*<\/li>\n<li>300 contacts maximum<\/li>\n<li>G\u00e9olocalisation:\u00a0GPS, GLONASS, Galileo, BeiDou<\/li>\n<li>Geofencing (alertes sur zones autoris\u00e9es ou non)<\/li>\n<li>Traitement num\u00e9rique du son (milieux bruyant)<\/li>\n<li>Boutons programmables*<\/li>\n<li>Tonalit\u00e9s d&rsquo;appel*<\/li>\n<\/ul>\n<ul>\n<li>Wi-Fi\u00a0802.11 a\/b\/g\/n 2.4\/5.0 GHz<\/li>\n<li>Bluetooth 4.2<\/li>\n<li>Indice de protection: IP54 (Prot\u00e9g\u00e9 contre la poussi\u00e8re et les projections d&rsquo;eau)<\/li>\n<li>Cryptage AES-256<\/li>\n<li>Chargement via micro USB, et chargeur de bureau en option<\/li>\n<li>Param\u00e9trage via application \u00e0 distance*<\/li>\n<\/ul>\n<p>(*)\u00a0Ces fonctions doivent \u00eatre programm\u00e9es par nos soins avant utilisation et ne n\u00e9cessite pas la pr\u00e9sence des radios (programmation \u00e0 distance OTAP).<\/p>\n<p><strong>Abonnement 4G et serveur Wave PTX de Motorola:<\/strong><\/p>\n<ul>\n<li>1 an standard avec communications, balayage, g\u00e9olocalisation, message de secours (GMLN5543A)<\/li>\n<li>1 an Safeguard\u00a0avec communications, balayage, g\u00e9olocalisation, message de secours, alertes volontaires, appels d&rsquo;urgence, \u00e9coute discr\u00e8te, d\u00e9sactivation radio (GMLN5545A)<\/li>\n<\/ul>\n<p><strong>Licences dispatcheur pour supervision audio et g\u00e9olocalisation sur ordinateur:<\/strong><\/p>\n<ul>\n<li>Licence dispatcheur Standard 1 an: communication audio et g\u00e9olocalisation sur cartographie de vos \u00e9quipes (GMLN5551A)<\/li>\n<li>Licence dispatcheur\u00a0Safeguard 1 an: communication audio et g\u00e9olocalisation sur cartographie de vos \u00e9quipes,\u00a0 urgences, \u00e9coute discr\u00e8te, d\u00e9sactivation radio (GMLN7637A)<\/li>\n<\/ul>\n<p><strong><br \/>\nCompatibilit\u00e9 avec syst\u00e8me relais DMR Motorola:<\/strong><\/p>\n<ul>\n<li>Conventionnel multi-sites IP Site Connect (<a href=\"http:\/\/lbc-systems.com\/systemes-relais\/1560-ip-site-connect-ipsc.html\">IPSC<\/a>)<\/li>\n<li>Partag\u00e9 site unique Capacity Plus (<a href=\"http:\/\/lbc-systems.com\/systemes-relais\/1561-capacity-plus.html\">C+<\/a>)<\/li>\n<li>Partag\u00e9 multi-sites Linked Capcity Plus (<a href=\"http:\/\/lbc-systems.com\/systemes-relais\/1562-systeme-linked-capacity-plus-lcp.html\">LCP<\/a>)<\/li>\n<li>Partag\u00e9 multi-sites Connect Plus (nous conseillons le syst\u00e8me Cap Max)<\/li>\n<li>Partag\u00e9 multi-sites avec contr\u00f4leur\u00a0Capacity Max (<a href=\"http:\/\/lbc-systems.com\/systemes-relais\/1563-systeme-capacity-max.html\">Cap Max<\/a>)<\/li>\n<\/ul>\n<p><strong>Licences de connexion des relais DMR au syst\u00e8me en ligne Wave PTX:\u00a0<\/strong><\/p>\n<ul>\n<li>Gateway Wave PTX obligatoire n\u00e9cessitant une licence selon la taille du r\u00e9seau\u00a0(TT3705A)<\/li>\n<li>Licence 10 voies de communication avec Wave PTX\u00a0(HKVN4830A)<\/li>\n<li>Licence 50 voies de communication avec Wave PTX (HKVN4831A)<\/li>\n<li>Licence 200 voies de communication avec Wave PTX (HKVN4832A)<\/li>\n<\/ul>\n<p><strong><br \/>\nBandes de fr\u00e9quence:\u00a04G<\/strong><\/p>\n<p><strong>Autonomie de la batterie : environ 18h.<\/strong><\/p>\n<p><strong><strong>Dimensions:\u00a0131.3 x 58.6 x 22.15 m<\/strong>m sans antenne<\/strong><\/p>\n<p><strong><strong>Poids: 166 g<\/strong><\/strong><\/p>\n<p>&nbsp;<\/p>\n<p><strong>Le pack standard comprend :<br \/>\n<\/strong><\/p>\n<ul>\n<li>Un portatif<\/li>\n<li>Une antenne LTE<\/li>\n<li>Une batterie Li-Ion 2500 mAh<\/li>\n<li>Une pince de ceinture\u00a0en option<\/li>\n<li>Un chargeur en option<\/li>\n<li>Un guide d&rsquo;utilisation<\/li>\n<\/ul>\n<h5>\u00a0 Ce produit est garantit 2 ans. Il est possible de prendre une extension de garantie standard de 3 ans (essentielle),\u00a0ou avec r\u00e9paration (avanc\u00e9e).<\/h5>\n","protected":false},"excerpt":{"rendered":"<p>Portatif slim avec GPS sur r\u00e9seau 4G.<\/p>\n","protected":false},"featured_media":1135,"template":"","meta":[],"product_brand":[3074],"product_cat":[3067,3181],"product_tag":[3501,3173,3265],"class_list":{"0":"post-1962","1":"product","2":"type-product","3":"status-publish","4":"has-post-thumbnail","6":"product_brand-motorola","7":"product_cat-talkies-pro-motorola","8":"product_cat-sl-tlk","9":"product_tag-portatif","10":"product_tag-tlk100","11":"product_tag-wave-ptx","13":"first","14":"instock","15":"shipping-taxable","16":"purchasable","17":"product-type-simple"},"_links":{"self":[{"href":"https:\/\/lebrascommunication.fr\/ventes\/wp-json\/wp\/v2\/product\/1962","targetHints":{"allow":["GET"]}}],"collection":[{"href":"https:\/\/lebrascommunication.fr\/ventes\/wp-json\/wp\/v2\/product"}],"about":[{"href":"https:\/\/lebrascommunication.fr\/ventes\/wp-json\/wp\/v2\/types\/product"}],"wp:featuredmedia":[{"embeddable":true,"href":"https:\/\/lebrascommunication.fr\/ventes\/wp-json\/wp\/v2\/media\/1135"}],"wp:attachment":[{"href":"https:\/\/lebrascommunication.fr\/ventes\/wp-json\/wp\/v2\/media?parent=1962"}],"wp:term":[{"taxonomy":"product_brand","embeddable":true,"href":"https:\/\/lebrascommunication.fr\/ventes\/wp-json\/wp\/v2\/product_brand?post=1962"},{"taxonomy":"product_cat","embeddable":true,"href":"https:\/\/lebrascommunication.fr\/ventes\/wp-json\/wp\/v2\/product_cat?post=1962"},{"taxonomy":"product_tag","embeddable":true,"href":"https:\/\/lebrascommunication.fr\/ventes\/wp-json\/wp\/v2\/product_tag?post=1962"}],"curies":[{"name":"wp","href":"https:\/\/api.w.org\/{rel}","templated":true}]}}