{"id":1845,"date":"2020-05-01T14:24:34","date_gmt":"2020-05-01T12:24:34","guid":{"rendered":"https:\/\/lebrascommunication.fr\/ventes\/produit\/kit-de-surveillance-beige\/"},"modified":"2025-12-19T10:03:22","modified_gmt":"2025-12-19T09:03:22","slug":"kit-de-surveillance-beige","status":"publish","type":"product","link":"https:\/\/lebrascommunication.fr\/ventes\/produit\/kit-de-surveillance-beige\/","title":{"rendered":"Kit de surveillance beige"},"content":{"rendered":"<p>Kit de surveillance pour DP2000, DP3441.<\/p>\n<p>PTT et microphone combin\u00e9s.<\/p>\n<p>Kit de surveillance avec oreillette amovible\u00a0pour les gammes de talkies DP2000, DP3441 et DP3661 ainsi que les versions \u00ab\u00a0e\u00a0\u00bb.<\/p>\n<p><strong>Caract\u00e9ristiques :<\/strong><\/p>\n<ul>\n<li>Utilisation : Re\u00e7oit et transmet<\/li>\n<li>Alternat (Push To Talk) : sur le micro<\/li>\n<li>D\u00e9clenchement par la voix (VOX) : oui<\/li>\n<li>Micro : oui (cravate ou main)<\/li>\n<li>Nombre de fils : 2<\/li>\n<li>Couleur : beige<\/li>\n<li>Type d&rsquo;\u00e9couteur : tube acoustique avec t\u00e9tine silicone<\/li>\n<li>Standard de s\u00e9curit\u00e9 intrins\u00e8que : <span class=\"tableData\"> UL-TIA4950 <\/span>avec les s\u00e9ries DP2000e<\/li>\n<\/ul>\n<p>R\u00e9f\u00e9rence tube acoustique + \u00e9couteur silicone pour remplacement : <span class=\"tableData\"><span class=\"tableData\">RLN6242A<\/span>.<\/span><\/p>\n","protected":false},"excerpt":{"rendered":"<p>Kit de surveillance beige avec oreillette amovible\u00a0pour les gammes de talkies DP2000, DP3441 et DP3661 ainsi que les versions \u00ab\u00a0e\u00a0\u00bb.<\/p>\n","protected":false},"featured_media":1843,"template":"","meta":[],"product_brand":[3074],"product_cat":[3177,3179,3163],"product_tag":[3256,3203,3174,3358],"class_list":{"0":"post-1845","1":"product","2":"type-product","3":"status-publish","4":"has-post-thumbnail","6":"product_brand-motorola","7":"product_cat-r5-dp2000e","8":"product_cat-dp3000e","9":"product_cat-accessoires-talkies-motorola","10":"product_tag-beige","11":"product_tag-dp2000","12":"product_tag-dp3441","13":"product_tag-kit","15":"first","16":"instock","17":"shipping-taxable","18":"purchasable","19":"product-type-simple"},"_links":{"self":[{"href":"https:\/\/lebrascommunication.fr\/ventes\/wp-json\/wp\/v2\/product\/1845","targetHints":{"allow":["GET"]}}],"collection":[{"href":"https:\/\/lebrascommunication.fr\/ventes\/wp-json\/wp\/v2\/product"}],"about":[{"href":"https:\/\/lebrascommunication.fr\/ventes\/wp-json\/wp\/v2\/types\/product"}],"wp:featuredmedia":[{"embeddable":true,"href":"https:\/\/lebrascommunication.fr\/ventes\/wp-json\/wp\/v2\/media\/1843"}],"wp:attachment":[{"href":"https:\/\/lebrascommunication.fr\/ventes\/wp-json\/wp\/v2\/media?parent=1845"}],"wp:term":[{"taxonomy":"product_brand","embeddable":true,"href":"https:\/\/lebrascommunication.fr\/ventes\/wp-json\/wp\/v2\/product_brand?post=1845"},{"taxonomy":"product_cat","embeddable":true,"href":"https:\/\/lebrascommunication.fr\/ventes\/wp-json\/wp\/v2\/product_cat?post=1845"},{"taxonomy":"product_tag","embeddable":true,"href":"https:\/\/lebrascommunication.fr\/ventes\/wp-json\/wp\/v2\/product_tag?post=1845"}],"curies":[{"name":"wp","href":"https:\/\/api.w.org\/{rel}","templated":true}]}}