{"id":1734,"date":"2017-10-28T17:05:13","date_gmt":"2017-10-28T15:05:13","guid":{"rendered":"https:\/\/lebrascommunication.fr\/ventes\/produit\/ic-m4323g\/"},"modified":"2026-02-13T14:16:18","modified_gmt":"2026-02-13T13:16:18","slug":"ic-m4323g","status":"publish","type":"product","link":"https:\/\/lebrascommunication.fr\/ventes\/produit\/ic-m4323g\/","title":{"rendered":"IC-M4323G"},"content":{"rendered":"<p><strong><strong>VHF fixe \u00e9tanche avec GPS et ASN classe D, 25W, 70 canaux, multi-fonctions<\/strong><\/strong><\/p>\n<p><strong>Caract\u00e9ristiques:<\/strong><\/p>\n<ul>\n<li>Fonction GPS (ne n\u00e9cessite pas d&rsquo;antenne suppl\u00e9mentaire)<\/li>\n<\/ul>\n<ul>\n<li>Disponible en blanc ou en noir<\/li>\n<\/ul>\n<ul>\n<li>Interface am\u00e9lior\u00e9e et intuitive<\/li>\n<li>Ecran r\u00e9tro\u00e9clair\u00e9 HD \u00e0 matrice active<\/li>\n<li>R\u00e9ducteur de bruit ambiant : Un processeur num\u00e9rique r\u00e9duit le bruit de fond dans les 2 sens de communication jusqu&rsquo;\u00e0 90% (20dB) pour assurer une liaison id\u00e9ale en toutes circonstances (vent, bruit de moteur, etc. )<\/li>\n<li>Associ\u00e9e \u00e0 un porte voix optionnel, l&rsquo;ICM423G permet de b\u00e9n\u00e9ficier d&rsquo;une corne de brume automatique et d&rsquo;un amplificateur de pont d&rsquo;une puissance audio de 10 W.<\/li>\n<li>Fonction \u00ab\u00a0RX\u00a0\u00bb : permet de basculer la r\u00e9ception VHF sur l\u2019ampli de pont (hailer)<\/li>\n<\/ul>\n<ul>\n<li>ASN int\u00e9gr\u00e9 classe D (r\u00e9cepteur d\u00e9di\u00e9)\u00a0 Fonction \u00ab\u00a0Appel S\u00e9lectif Num\u00e9rique\u00a0\u00bb permettant de lancer des appels individuels mais aussi d&rsquo;envoyer un message de d\u00e9tresse aux secours (bouton rouge sur la face de la VHF). Cette VHF est \u00e9quip\u00e9e de 2 r\u00e9cepteurs dont l&rsquo;un est d\u00e9di\u00e9 exclusivement au canal 70 afin de ne rater aucun appel ASN. Le GPS facilite l&rsquo;intervention des secours.<\/li>\n<li>Etanch\u00e9it\u00e9 : IPX7<\/li>\n<li>Puissance : 25W \/ 1W<\/li>\n<li>Haut-parleur : 4,5W<\/li>\n<li>Fonction canal pr\u00e9f\u00e9rentiel et fonction balayage s\u00e9lectif (TAG)<\/li>\n<li>Fonction \u00ab\u00a0AquaQuake\u2122\u00a0\u00bb : \u00e9jection d\u2019eau par infrasons, pour \u201cs\u00e9cher\u201d le micro et le haut-parleur<\/li>\n<\/ul>\n<ul>\n<li>Fonctions \u00ab\u00a0position request\u00a0\u00bb et \u00ab\u00a0position report<\/li>\n<li>Utilisation fluviale (ATIS) et canaux priv\u00e9s (*)<\/li>\n<li>Station d\u00e9port\u00e9e s\u00e9rie HM-195 (en option)<\/li>\n<li>Compatible avec le transpondeur AIS MA-500TR<\/li>\n<li>Compatible avec le Marine Commander<\/li>\n<\/ul>\n<p><em>(*)<\/em> Ces fonctions doivent \u00eatre programm\u00e9es avant utilisation.<\/p>\n<p><strong>Bandes de fr\u00e9quence:\u00a0<span class=\"bodycopy\">VHF 156-163,425 MHz<br \/>\n<\/span><\/strong><\/p>\n<p><strong><span class=\"bodycopy\">Dimensions : 180 x 82 x 135 mm<br \/>\n<\/span><\/strong><\/p>\n<p><strong><span class=\"bodycopy\">Poids : 1,2 kg<\/span><\/strong><\/p>\n<p>&nbsp;<\/p>\n<p>&nbsp;<\/p>\n<p><strong>Le pack standard comprend :<br \/>\n<\/strong><\/p>\n<ul>\n<li>Un VHF fixe<\/li>\n<li>Un micro haut-parleur noir \/ blanc (r\u00e9f: HM-205B \/ HM-205SW)<\/li>\n<\/ul>\n<ul>\n<li>Un cordon d&rsquo;alimentation (r\u00e9f: OPC-891A)<\/li>\n<li>Une notice en fran\u00e7ais<\/li>\n<\/ul>\n<p>Fabrication japonaise.<\/p>\n<p>Ce produit est garantit 3 ans. Nos conditions de garantie sont souples (voir les conditions g\u00e9n\u00e9rales de vente).<\/p>\n<h5><\/h5>\n<h5><\/h5>\n","protected":false},"excerpt":{"rendered":"<p><strong>VHF fixe \u00e9tanche avec GPS et ASN classse D, 25W, 70 canaux, multi-fonctions.<br \/>\n<\/strong><\/p>\n<p><strong>Disponible en blanc ou en noir.<\/strong><\/p>\n","protected":false},"featured_media":1723,"template":"","meta":[],"product_brand":[3077],"product_cat":[3146],"product_tag":[3555,3556,3554,3595,3755,3831,3723,3280],"class_list":{"0":"post-1734","1":"product","2":"type-product","3":"status-publish","4":"has-post-thumbnail","6":"product_brand-icom","7":"product_cat-bases-mobiles-icom","8":"product_tag-25w","9":"product_tag-70-canaux","10":"product_tag-asn-classse-d","11":"product_tag-blanc","12":"product_tag-gps","13":"product_tag-ic-m4323g","14":"product_tag-noir","15":"product_tag-vhf","17":"first","18":"instock","19":"shipping-taxable","20":"purchasable","21":"product-type-simple"},"_links":{"self":[{"href":"https:\/\/lebrascommunication.fr\/ventes\/wp-json\/wp\/v2\/product\/1734","targetHints":{"allow":["GET"]}}],"collection":[{"href":"https:\/\/lebrascommunication.fr\/ventes\/wp-json\/wp\/v2\/product"}],"about":[{"href":"https:\/\/lebrascommunication.fr\/ventes\/wp-json\/wp\/v2\/types\/product"}],"wp:featuredmedia":[{"embeddable":true,"href":"https:\/\/lebrascommunication.fr\/ventes\/wp-json\/wp\/v2\/media\/1723"}],"wp:attachment":[{"href":"https:\/\/lebrascommunication.fr\/ventes\/wp-json\/wp\/v2\/media?parent=1734"}],"wp:term":[{"taxonomy":"product_brand","embeddable":true,"href":"https:\/\/lebrascommunication.fr\/ventes\/wp-json\/wp\/v2\/product_brand?post=1734"},{"taxonomy":"product_cat","embeddable":true,"href":"https:\/\/lebrascommunication.fr\/ventes\/wp-json\/wp\/v2\/product_cat?post=1734"},{"taxonomy":"product_tag","embeddable":true,"href":"https:\/\/lebrascommunication.fr\/ventes\/wp-json\/wp\/v2\/product_tag?post=1734"}],"curies":[{"name":"wp","href":"https:\/\/api.w.org\/{rel}","templated":true}]}}