{"id":1687,"date":"2019-08-02T12:47:12","date_gmt":"2019-08-02T10:47:12","guid":{"rendered":"https:\/\/lebrascommunication.fr\/ventes\/produit\/module-d-interface-tactique-vox-ptt\/"},"modified":"2026-01-13T15:13:06","modified_gmt":"2026-01-13T14:13:06","slug":"module-d-interface-tactique-vox-ptt","status":"publish","type":"product","link":"https:\/\/lebrascommunication.fr\/ventes\/produit\/module-d-interface-tactique-vox-ptt\/","title":{"rendered":"Module d&rsquo;interface tactique VOX &#038; PTT"},"content":{"rendered":"<p><strong>iCaract\u00e9ristiques :<\/strong><\/p>\n<ul>\n<li>Possibilit\u00e9 de basculer entre les modes VOX (Transmission \u00e0 activation vocale) et PTT (Push-To-Talk)<\/li>\n<li>Se connecte \u00e0 une vari\u00e9t\u00e9 de casques \u00e0 conduction osseuse<\/li>\n<li>\u00c0 utiliser avec les casques tactiques <a href=\"http:\/\/lbc-systems.com\/micro-oreillettes-dp3001-dp4001\/1467-micro-oreillette-tactique-pour-la-gorge.html\">PMLN6828<\/a>, <a href=\"http:\/\/lbc-systems.com\/micro-oreillettes-dp3000-dp4000\/1469-micro-oreillette-tactique.html\">PMLN6829<\/a>, <a href=\"http:\/\/lbc-systems.com\/micro-oreillettes-dp3001-dp4001\/1012-micro-casque-tactique.html\">PMLN6833<\/a>,\u00a0<a href=\"http:\/\/lbc-systems.com\/micro-casques-dp4000-dp3000\/1470-micro-casque-tactique-micro-integre.html\">PMLN6766<\/a><\/li>\n<li>Compatible avec les PTT en option: <a href=\"http:\/\/lbc-systems.com\/micro-deportes-dp4000-dp3000\/1471-ptt-tactique-complementaire.html\">PMLN6767<\/a>,\u00a0<a href=\"http:\/\/lbc-systems.com\/micro-deportes-dp4000-dp3000\/1472-bague-ptt-tactique.html\">PMLN6830<\/a><\/li>\n<li>Attache de ceinture rotative \u00e0 360\u00b0<\/li>\n<li>Module large et robuste<\/li>\n<\/ul>\n","protected":false},"excerpt":{"rendered":"<p>Module d&rsquo;interface tactique VOX &amp; PTT\u00a0pour les gammes de talkies DP3000, DP4000 et Astro APX ainsi que les versions \u00ab\u00a0e\u00a0\u00bb.<\/p>\n","protected":false},"featured_media":1681,"template":"","meta":[],"product_brand":[3074],"product_cat":[3179,3163],"product_tag":[3343,3192,3225,3529,3317,3578],"class_list":{"0":"post-1687","1":"product","2":"type-product","3":"status-publish","4":"has-post-thumbnail","6":"product_brand-motorola","7":"product_cat-dp3000e","8":"product_cat-accessoires-talkies-motorola","9":"product_tag-astro-apx","10":"product_tag-dp3000","11":"product_tag-dp4000","12":"product_tag-interface-tactique","13":"product_tag-ptt","14":"product_tag-vox","16":"first","17":"instock","18":"shipping-taxable","19":"purchasable","20":"product-type-simple"},"_links":{"self":[{"href":"https:\/\/lebrascommunication.fr\/ventes\/wp-json\/wp\/v2\/product\/1687","targetHints":{"allow":["GET"]}}],"collection":[{"href":"https:\/\/lebrascommunication.fr\/ventes\/wp-json\/wp\/v2\/product"}],"about":[{"href":"https:\/\/lebrascommunication.fr\/ventes\/wp-json\/wp\/v2\/types\/product"}],"wp:featuredmedia":[{"embeddable":true,"href":"https:\/\/lebrascommunication.fr\/ventes\/wp-json\/wp\/v2\/media\/1681"}],"wp:attachment":[{"href":"https:\/\/lebrascommunication.fr\/ventes\/wp-json\/wp\/v2\/media?parent=1687"}],"wp:term":[{"taxonomy":"product_brand","embeddable":true,"href":"https:\/\/lebrascommunication.fr\/ventes\/wp-json\/wp\/v2\/product_brand?post=1687"},{"taxonomy":"product_cat","embeddable":true,"href":"https:\/\/lebrascommunication.fr\/ventes\/wp-json\/wp\/v2\/product_cat?post=1687"},{"taxonomy":"product_tag","embeddable":true,"href":"https:\/\/lebrascommunication.fr\/ventes\/wp-json\/wp\/v2\/product_tag?post=1687"}],"curies":[{"name":"wp","href":"https:\/\/api.w.org\/{rel}","templated":true}]}}