{"id":1677,"date":"2019-05-31T13:03:10","date_gmt":"2019-05-31T11:03:10","guid":{"rendered":"https:\/\/lebrascommunication.fr\/ventes\/produit\/chargeur-multiple\/"},"modified":"2025-12-23T09:50:22","modified_gmt":"2025-12-23T08:50:22","slug":"chargeur-multiple","status":"publish","type":"product","link":"https:\/\/lebrascommunication.fr\/ventes\/produit\/chargeur-multiple\/","title":{"rendered":"Chargeur multiple"},"content":{"rendered":"<p>Chargeur complet rapide avec \u00e9crans, 6 alv\u00e9oles pour les gammes de talkies DP2000, DP3000, DP4000 et DP4000 ATEX.<\/p>\n<p>Le kit comprend le socle de charge et son c\u00e2ble d&rsquo;alimentation \u00e9lectrique.<\/p>\n<p><strong>Caract\u00e9ristiques :<\/strong><\/p>\n<ul>\n<li>Type : Rapide<\/li>\n<li>Temps de charge : 3h environ<\/li>\n<li>Compatibilit\u00e9 : Ni-MH, Li-Ion<\/li>\n<li>Tension d&rsquo;utilisation : 100-240 VAC<\/li>\n<li>Nombre d&#8217;emplacements : 6<\/li>\n<li>Chargeur intelligent : oui (IMPRES)<\/li>\n<li>Charge de la batterie seule : oui<\/li>\n<li>Charge avec l&rsquo;appareil : oui<\/li>\n<li>Affichage : oui \u00e9volution des fonctions \u00e0 venir via mise \u00e0 jour logiciel)<\/li>\n<li>Gestion de flotte integr\u00e9e<\/li>\n<li>Support mural compatible : r\u00e9f\u00a0<a href=\"http:\/\/lbc-systems.com\/chargeurs-dp2000-dp3000-dp4000\/1461-support-mural-pour-chargeur.html\">BR000272A01<\/a><\/li>\n<\/ul>\n<p><strong>Dimensions :<\/strong>\u00a0116 x 445 x 170 mm<\/p>\n<p><strong>Poids :<\/strong>\u00a02,2 kg<\/p>\n<p>Les anciens chargeurs multiples (r\u00e9f:\u00a0WPLN4213 et\u00a0WPLN4220) ne sont plus disponibles \u00e0 la vente, ils sont d\u00e9sormais remplac\u00e9s par cette r\u00e9f\u00e9rence.<\/p>\n<p><strong>Technologie IMPRES :<\/strong>\u00a0Cette technologie fonctionne uniquement avec les batteries IMPRES Motorola. Elle permet d&rsquo;avoir un suivi de l&rsquo;\u00e9volution de la batterie depuis sa premi\u00e8re charge avec le logiciel et son interface, ou avec les mod\u00e8les de chargeurs \u00e0 \u00e9crans. Les batteries sont\u00a0reconditionn\u00e9es en fonction des besoins et permettent\u00a0une autonomie plus grande d&rsquo;environ 1h ainsi qu&rsquo;une dur\u00e9e de vie allong\u00e9e. Le reconditionnement des batteries est \u00e9galement effectif sur les chargeurs IMPRES sans \u00e9crans.<\/p>\n<p><strong>A savoir :<\/strong>\u00a0Le reconditionnement (d\u00e9charge compl\u00e8te avant recharge) de la batterie est automatique mais peut \u00eatre \u00e9vit\u00e9 par une simple manipulation pour plus de rapidit\u00e9. Il suffit de retirer la batterie de son emplacement de charge et de la mettre \u00e0 nouveau (la diode passe de l&rsquo;orange au rouge).<\/p>\n","protected":false},"excerpt":{"rendered":"<p>Chargeur complet rapide, 6 alv\u00e9oles pour les gammes de talkies DP2000, DP3000, DP4000 et DP4000 ATEX.<\/p>\n","protected":false},"featured_media":1662,"template":"","meta":[],"product_brand":[3074],"product_cat":[3177,3179,3163],"product_tag":[3213,3203,3192,3225,3374,3397],"class_list":{"0":"post-1677","1":"product","2":"type-product","3":"status-publish","4":"has-post-thumbnail","6":"product_brand-motorola","7":"product_cat-r5-dp2000e","8":"product_cat-dp3000e","9":"product_cat-accessoires-talkies-motorola","10":"product_tag-chargeur","11":"product_tag-dp2000","12":"product_tag-dp3000","13":"product_tag-dp4000","14":"product_tag-dp4000-atex","15":"product_tag-multiple","17":"first","18":"instock","19":"shipping-taxable","20":"purchasable","21":"product-type-simple"},"_links":{"self":[{"href":"https:\/\/lebrascommunication.fr\/ventes\/wp-json\/wp\/v2\/product\/1677","targetHints":{"allow":["GET"]}}],"collection":[{"href":"https:\/\/lebrascommunication.fr\/ventes\/wp-json\/wp\/v2\/product"}],"about":[{"href":"https:\/\/lebrascommunication.fr\/ventes\/wp-json\/wp\/v2\/types\/product"}],"wp:featuredmedia":[{"embeddable":true,"href":"https:\/\/lebrascommunication.fr\/ventes\/wp-json\/wp\/v2\/media\/1662"}],"wp:attachment":[{"href":"https:\/\/lebrascommunication.fr\/ventes\/wp-json\/wp\/v2\/media?parent=1677"}],"wp:term":[{"taxonomy":"product_brand","embeddable":true,"href":"https:\/\/lebrascommunication.fr\/ventes\/wp-json\/wp\/v2\/product_brand?post=1677"},{"taxonomy":"product_cat","embeddable":true,"href":"https:\/\/lebrascommunication.fr\/ventes\/wp-json\/wp\/v2\/product_cat?post=1677"},{"taxonomy":"product_tag","embeddable":true,"href":"https:\/\/lebrascommunication.fr\/ventes\/wp-json\/wp\/v2\/product_tag?post=1677"}],"curies":[{"name":"wp","href":"https:\/\/api.w.org\/{rel}","templated":true}]}}