{"id":1618,"date":"2019-05-13T13:26:14","date_gmt":"2019-05-13T11:26:14","guid":{"rendered":"https:\/\/lebrascommunication.fr\/ventes\/produit\/clip-ceinture-vibrant\/"},"modified":"2025-12-22T15:40:41","modified_gmt":"2025-12-22T14:40:41","slug":"clip-ceinture-vibrant","status":"publish","type":"product","link":"https:\/\/lebrascommunication.fr\/ventes\/produit\/clip-ceinture-vibrant\/","title":{"rendered":"Clip ceinture vibrant"},"content":{"rendered":"<p>Clip ceinture\u00a0vibrant pour les s\u00e9ries DP2000 et DP4000, ainsi que les versions \u00ab\u00a0e\u00a0\u00bb<\/p>\n<p>Ce clip vibre lorsqu&rsquo;un appel est re\u00e7u, le rendant id\u00e9al dans les environnements bruyant ou lorsqu&rsquo;il faut \u00eatre discret.<\/p>\n<p><strong>Attention :<\/strong>\u00a0Fonctionne avec la batterie\u00a0<a href=\"http:\/\/lbc-systems.com\/batteries-dp2000\/1456-batterie-impres-li-ion-3000mah.html\">PMNN4488A<\/a><\/p>\n","protected":false},"excerpt":{"rendered":"<p>Clip ceinture\u00a0vibrant pour les s\u00e9ries DP2000 et DP4000, ainsi que les versions \u00ab\u00a0e\u00a0\u00bb<\/p>\n<p><strong>Attention :<\/strong> Fonctionne avec la batterie\u00a0<a href=\"http:\/\/lbc-systems.com\/batteries-dp2000\/1456-batterie-impres-li-ion-3000mah.html\">PMNN4488A<\/a><\/p>\n","protected":false},"featured_media":1609,"template":"","meta":[],"product_brand":[3074],"product_cat":[3177,3163],"product_tag":[3379,3251,3203,3225,3381,3380],"class_list":{"0":"post-1618","1":"product","2":"type-product","3":"status-publish","4":"has-post-thumbnail","6":"product_brand-motorola","7":"product_cat-r5-dp2000e","8":"product_cat-accessoires-talkies-motorola","9":"product_tag-ceinture","10":"product_tag-clip","11":"product_tag-dp2000","12":"product_tag-dp4000","13":"product_tag-pmnn4488a","14":"product_tag-vibrant","16":"first","17":"instock","18":"shipping-taxable","19":"purchasable","20":"product-type-simple"},"_links":{"self":[{"href":"https:\/\/lebrascommunication.fr\/ventes\/wp-json\/wp\/v2\/product\/1618","targetHints":{"allow":["GET"]}}],"collection":[{"href":"https:\/\/lebrascommunication.fr\/ventes\/wp-json\/wp\/v2\/product"}],"about":[{"href":"https:\/\/lebrascommunication.fr\/ventes\/wp-json\/wp\/v2\/types\/product"}],"wp:featuredmedia":[{"embeddable":true,"href":"https:\/\/lebrascommunication.fr\/ventes\/wp-json\/wp\/v2\/media\/1609"}],"wp:attachment":[{"href":"https:\/\/lebrascommunication.fr\/ventes\/wp-json\/wp\/v2\/media?parent=1618"}],"wp:term":[{"taxonomy":"product_brand","embeddable":true,"href":"https:\/\/lebrascommunication.fr\/ventes\/wp-json\/wp\/v2\/product_brand?post=1618"},{"taxonomy":"product_cat","embeddable":true,"href":"https:\/\/lebrascommunication.fr\/ventes\/wp-json\/wp\/v2\/product_cat?post=1618"},{"taxonomy":"product_tag","embeddable":true,"href":"https:\/\/lebrascommunication.fr\/ventes\/wp-json\/wp\/v2\/product_tag?post=1618"}],"curies":[{"name":"wp","href":"https:\/\/api.w.org\/{rel}","templated":true}]}}