{"id":1567,"date":"2020-11-24T15:42:16","date_gmt":"2020-11-24T14:42:16","guid":{"rendered":"https:\/\/lebrascommunication.fr\/ventes\/produit\/kit-de-deport-de-facade\/"},"modified":"2026-02-19T12:13:57","modified_gmt":"2026-02-19T11:13:57","slug":"kit-de-deport-de-facade","status":"publish","type":"product","link":"https:\/\/lebrascommunication.fr\/ventes\/produit\/kit-de-deport-de-facade\/","title":{"rendered":"Kit de d\u00e9port de fa\u00e7ade"},"content":{"rendered":"<p>Kit de d\u00e9port de fa\u00e7ade compatible avec les DM4400, DM4401, DM4600, DM4601 ainsi que les nouvelles versions \u00ab\u00a0e\u00a0\u00bb<\/p>\n<p><span style=\"vertical-align: inherit\"><span style=\"vertical-align: inherit\">Outil de d\u00e9montage, vis et manuel inclus dans le kit.<\/span><\/span><\/p>\n","protected":false},"excerpt":{"rendered":"<p>Kit de d\u00e9port de fa\u00e7ade compatible avec les DM4400, DM4401, DM4600, DM4601 ainsi que les nouvelles versions \u00ab\u00a0e\u00a0\u00bb<\/p>\n","protected":false},"featured_media":1565,"template":"","meta":[],"product_brand":[3074],"product_cat":[3183,3088],"product_tag":[3355,3230,3356,3231,3872],"class_list":{"0":"post-1567","1":"product","2":"type-product","3":"status-publish","4":"has-post-thumbnail","6":"product_brand-motorola","7":"product_cat-dm4000","8":"product_cat-accessoires-pour-bases-ou-mobiles-motorola","9":"product_tag-dm4400","10":"product_tag-dm4401","11":"product_tag-dm4600","12":"product_tag-dm4601","13":"product_tag-kit-de-deport","15":"first","16":"instock","17":"shipping-taxable","18":"purchasable","19":"product-type-simple"},"_links":{"self":[{"href":"https:\/\/lebrascommunication.fr\/ventes\/wp-json\/wp\/v2\/product\/1567","targetHints":{"allow":["GET"]}}],"collection":[{"href":"https:\/\/lebrascommunication.fr\/ventes\/wp-json\/wp\/v2\/product"}],"about":[{"href":"https:\/\/lebrascommunication.fr\/ventes\/wp-json\/wp\/v2\/types\/product"}],"wp:featuredmedia":[{"embeddable":true,"href":"https:\/\/lebrascommunication.fr\/ventes\/wp-json\/wp\/v2\/media\/1565"}],"wp:attachment":[{"href":"https:\/\/lebrascommunication.fr\/ventes\/wp-json\/wp\/v2\/media?parent=1567"}],"wp:term":[{"taxonomy":"product_brand","embeddable":true,"href":"https:\/\/lebrascommunication.fr\/ventes\/wp-json\/wp\/v2\/product_brand?post=1567"},{"taxonomy":"product_cat","embeddable":true,"href":"https:\/\/lebrascommunication.fr\/ventes\/wp-json\/wp\/v2\/product_cat?post=1567"},{"taxonomy":"product_tag","embeddable":true,"href":"https:\/\/lebrascommunication.fr\/ventes\/wp-json\/wp\/v2\/product_tag?post=1567"}],"curies":[{"name":"wp","href":"https:\/\/api.w.org\/{rel}","templated":true}]}}