{"id":1546,"date":"2020-11-24T14:23:20","date_gmt":"2020-11-24T13:23:20","guid":{"rendered":"https:\/\/lebrascommunication.fr\/ventes\/produit\/micro-deporte-filaire-avec-connection-bluetooth\/"},"modified":"2026-01-27T08:35:19","modified_gmt":"2026-01-27T07:35:19","slug":"micro-deporte-filaire-avec-connection-bluetooth","status":"publish","type":"product","link":"https:\/\/lebrascommunication.fr\/ventes\/produit\/micro-deporte-filaire-avec-connection-bluetooth\/","title":{"rendered":"Micro-d\u00e9port\u00e9 filaire avec connection Bluetooth"},"content":{"rendered":"<p>Micro-d\u00e9port\u00e9 permettant l&rsquo;ajout d&rsquo;un second micro-d\u00e9port\u00e9 (r\u00e9f :\u00a0<a href=\"lbc-systems.com\/micro-deportes-dm4000\/1640-micro-deporte-bluetooth-longue-portee.html?search_query=RLN6544&amp;results=1\">RLN6544<\/a>) connect\u00e9 en Bluetooth<\/p>\n<p>Il peut aussi \u00eatre utilis\u00e9 comme un micro-d\u00e9port\u00e9 classique lorsque le Bluetooth n&rsquo;est pas connect\u00e9<\/p>\n","protected":false},"excerpt":{"rendered":"<p>Micro-d\u00e9port\u00e9 permettant l&rsquo;ajout d&rsquo;un second micro-d\u00e9port\u00e9 connect\u00e9 en Bluetooth<\/p>\n","protected":false},"featured_media":1544,"template":"","meta":[],"product_brand":[3074],"product_cat":[3088],"product_tag":[3278,3279,3241],"class_list":{"0":"post-1546","1":"product","2":"type-product","3":"status-publish","4":"has-post-thumbnail","6":"product_brand-motorola","7":"product_cat-accessoires-pour-bases-ou-mobiles-motorola","8":"product_tag-base-mobile","9":"product_tag-bluetooth","10":"product_tag-micro-deporte","12":"first","13":"instock","14":"shipping-taxable","15":"purchasable","16":"product-type-simple"},"_links":{"self":[{"href":"https:\/\/lebrascommunication.fr\/ventes\/wp-json\/wp\/v2\/product\/1546","targetHints":{"allow":["GET"]}}],"collection":[{"href":"https:\/\/lebrascommunication.fr\/ventes\/wp-json\/wp\/v2\/product"}],"about":[{"href":"https:\/\/lebrascommunication.fr\/ventes\/wp-json\/wp\/v2\/types\/product"}],"wp:featuredmedia":[{"embeddable":true,"href":"https:\/\/lebrascommunication.fr\/ventes\/wp-json\/wp\/v2\/media\/1544"}],"wp:attachment":[{"href":"https:\/\/lebrascommunication.fr\/ventes\/wp-json\/wp\/v2\/media?parent=1546"}],"wp:term":[{"taxonomy":"product_brand","embeddable":true,"href":"https:\/\/lebrascommunication.fr\/ventes\/wp-json\/wp\/v2\/product_brand?post=1546"},{"taxonomy":"product_cat","embeddable":true,"href":"https:\/\/lebrascommunication.fr\/ventes\/wp-json\/wp\/v2\/product_cat?post=1546"},{"taxonomy":"product_tag","embeddable":true,"href":"https:\/\/lebrascommunication.fr\/ventes\/wp-json\/wp\/v2\/product_tag?post=1546"}],"curies":[{"name":"wp","href":"https:\/\/api.w.org\/{rel}","templated":true}]}}