{"id":1525,"date":"2020-11-24T12:20:39","date_gmt":"2020-11-24T11:20:39","guid":{"rendered":"https:\/\/lebrascommunication.fr\/ventes\/produit\/telecommande-filaire\/"},"modified":"2025-12-19T10:07:04","modified_gmt":"2025-12-19T09:07:04","slug":"telecommande-filaire","status":"publish","type":"product","link":"https:\/\/lebrascommunication.fr\/ventes\/produit\/telecommande-filaire\/","title":{"rendered":"T\u00e9l\u00e9commande filaire"},"content":{"rendered":"<p>Kit t\u00e9l\u00e9commande filaire pour DM4000 et DM4000e<\/p>\n<p><span style=\"vertical-align: inherit\"><span style=\"vertical-align: inherit\">Id\u00e9alement con\u00e7u pour les v\u00e9hicules avec des espaces limit\u00e9s et \/ ou \u00e9troits pour les installations mobiles<\/span><\/span><\/p>\n<p><span style=\"vertical-align: inherit\"><span style=\"vertical-align: inherit\">La brique peut \u00eatre mont\u00e9e \u00e0 l&rsquo;arri\u00e8re du v\u00e9hicule ou derri\u00e8re \/ sous le si\u00e8ge<\/span><\/span><\/p>\n<p><span style=\"vertical-align: inherit\"><span style=\"vertical-align: inherit\">La t\u00eate de commande peut fournir toutes les fonctions programm\u00e9es de la radio<\/span><\/span><\/p>\n<p>Pack standard :<\/p>\n<ul>\n<li>Micro-phone filaire avec clavier et \u00e9cran<\/li>\n<li>Adaptateur rempla\u00e7ant la fa\u00e7ade d&rsquo;origine<\/li>\n<li>Clip de suspension<\/li>\n<li>C\u00e2ble de 3 m\u00e8tres<\/li>\n<li>Outil d&rsquo;installation<\/li>\n<\/ul>\n","protected":false},"excerpt":{"rendered":"<p>Kit t\u00e9l\u00e9commande filaire pour DM4000 et DM4000e<\/p>\n","protected":false},"featured_media":1524,"template":"","meta":[],"product_brand":[3074],"product_cat":[3183,3088],"product_tag":[3361,3360,3359],"class_list":{"0":"post-1525","1":"product","2":"type-product","3":"status-publish","4":"has-post-thumbnail","6":"product_brand-motorola","7":"product_cat-dm4000","8":"product_cat-accessoires-pour-bases-ou-mobiles-motorola","9":"product_tag-dm4000-et-dm4000e","10":"product_tag-filaire","11":"product_tag-telecommande","13":"first","14":"instock","15":"shipping-taxable","16":"purchasable","17":"product-type-simple"},"_links":{"self":[{"href":"https:\/\/lebrascommunication.fr\/ventes\/wp-json\/wp\/v2\/product\/1525","targetHints":{"allow":["GET"]}}],"collection":[{"href":"https:\/\/lebrascommunication.fr\/ventes\/wp-json\/wp\/v2\/product"}],"about":[{"href":"https:\/\/lebrascommunication.fr\/ventes\/wp-json\/wp\/v2\/types\/product"}],"wp:featuredmedia":[{"embeddable":true,"href":"https:\/\/lebrascommunication.fr\/ventes\/wp-json\/wp\/v2\/media\/1524"}],"wp:attachment":[{"href":"https:\/\/lebrascommunication.fr\/ventes\/wp-json\/wp\/v2\/media?parent=1525"}],"wp:term":[{"taxonomy":"product_brand","embeddable":true,"href":"https:\/\/lebrascommunication.fr\/ventes\/wp-json\/wp\/v2\/product_brand?post=1525"},{"taxonomy":"product_cat","embeddable":true,"href":"https:\/\/lebrascommunication.fr\/ventes\/wp-json\/wp\/v2\/product_cat?post=1525"},{"taxonomy":"product_tag","embeddable":true,"href":"https:\/\/lebrascommunication.fr\/ventes\/wp-json\/wp\/v2\/product_tag?post=1525"}],"curies":[{"name":"wp","href":"https:\/\/api.w.org\/{rel}","templated":true}]}}