{"id":1514,"date":"2019-05-13T11:08:32","date_gmt":"2019-05-13T09:08:32","guid":{"rendered":"https:\/\/lebrascommunication.fr\/ventes\/produit\/antenne-courte-360-400mhz\/"},"modified":"2025-12-23T15:07:43","modified_gmt":"2025-12-23T14:07:43","slug":"antenne-courte-360-400mhz","status":"publish","type":"product","link":"https:\/\/lebrascommunication.fr\/ventes\/produit\/antenne-courte-360-400mhz\/","title":{"rendered":"Antenne UHF courte 360-400MHz"},"content":{"rendered":"<p>Antenne UHF 360-400MHz pour les gammes de talkies DP2000, DP4000 ou DP3XX1 (DP compacts).<\/p>\n<p><strong>Caract\u00e9ristiques :<\/strong><\/p>\n<ul>\n<li>Type : Compact (diam\u00e8tre \u00e9largi mais longueur r\u00e9duite)<\/li>\n<li>Fr\u00e9quence : 360-400MHz<\/li>\n<li>GPS : Oui<\/li>\n<li>Code couleur : Bleu<\/li>\n<li>Standard de s\u00e9curit\u00e9 intrins\u00e8que : UL-TIA4950<\/li>\n<\/ul>\n<p><strong>Dimension : <\/strong>9cm<\/p>\n<p><strong>Poids : <\/strong>10g<\/p>\n<p><strong>Attention :<\/strong> Compatible uniquement avec les postes de m\u00eame fr\u00e9quence<\/p>\n","protected":false},"excerpt":{"rendered":"<p>Antenne UHF 360-400MHz pour les gammes de talkies DP2000, DP4000 ou DP3XX1 (DP compacts).<\/p>\n<p><strong>Attention :<\/strong>\u00a0Compatible uniquement avec les postes de m\u00eame fr\u00e9quence<\/p>\n","protected":false},"featured_media":1512,"template":"","meta":[],"product_brand":[3074],"product_cat":[3177,3179,3163],"product_tag":[3443,3202,3402,3203,3409,3407],"class_list":{"0":"post-1514","1":"product","2":"type-product","3":"status-publish","4":"has-post-thumbnail","6":"product_brand-motorola","7":"product_cat-r5-dp2000e","8":"product_cat-dp3000e","9":"product_cat-accessoires-talkies-motorola","10":"product_tag-360-400mhz","11":"product_tag-antenne","12":"product_tag-courte","13":"product_tag-dp2000","14":"product_tag-dp4000-ou-dp3xx1","15":"product_tag-uhf","17":"first","18":"instock","19":"shipping-taxable","20":"purchasable","21":"product-type-simple"},"_links":{"self":[{"href":"https:\/\/lebrascommunication.fr\/ventes\/wp-json\/wp\/v2\/product\/1514","targetHints":{"allow":["GET"]}}],"collection":[{"href":"https:\/\/lebrascommunication.fr\/ventes\/wp-json\/wp\/v2\/product"}],"about":[{"href":"https:\/\/lebrascommunication.fr\/ventes\/wp-json\/wp\/v2\/types\/product"}],"wp:featuredmedia":[{"embeddable":true,"href":"https:\/\/lebrascommunication.fr\/ventes\/wp-json\/wp\/v2\/media\/1512"}],"wp:attachment":[{"href":"https:\/\/lebrascommunication.fr\/ventes\/wp-json\/wp\/v2\/media?parent=1514"}],"wp:term":[{"taxonomy":"product_brand","embeddable":true,"href":"https:\/\/lebrascommunication.fr\/ventes\/wp-json\/wp\/v2\/product_brand?post=1514"},{"taxonomy":"product_cat","embeddable":true,"href":"https:\/\/lebrascommunication.fr\/ventes\/wp-json\/wp\/v2\/product_cat?post=1514"},{"taxonomy":"product_tag","embeddable":true,"href":"https:\/\/lebrascommunication.fr\/ventes\/wp-json\/wp\/v2\/product_tag?post=1514"}],"curies":[{"name":"wp","href":"https:\/\/api.w.org\/{rel}","templated":true}]}}