{"id":1502,"date":"2017-10-22T17:01:43","date_gmt":"2017-10-22T15:01:43","guid":{"rendered":"https:\/\/lebrascommunication.fr\/ventes\/produit\/ic-gm1600e\/"},"modified":"2026-01-26T15:50:05","modified_gmt":"2026-01-26T14:50:05","slug":"ic-gm1600e","status":"publish","type":"product","link":"https:\/\/lebrascommunication.fr\/ventes\/produit\/ic-gm1600e\/","title":{"rendered":"IC-GM1600E"},"content":{"rendered":"<p><strong>Portatif analogique VHF con\u00e7u pour r\u00e9pondre aux exigences de temp\u00e9rature, choc thermique, vibrations et r\u00e9sistance aux chutes d\u00e9termin\u00e9es par le GMDSS<\/strong><\/p>\n<p><strong>Caract\u00e9ristiques:<\/strong><\/p>\n<ul>\n<li>Norme GMDSS (Conforme aux normes IMO A.809 (19), A.694 (17) et IEC 61097-12)<\/li>\n<\/ul>\n<ul>\n<li>Large \u00e9cran haute visibilit\u00e9<\/li>\n<li>Etanch\u00e9it\u00e9 : IPX7<\/li>\n<li>19 canaux SMDSM<\/li>\n<li>Autonomie jusqu&rsquo;\u00e0 8h et utilisation jusqu&rsquo;\u00e0 -20\u00b0 (avec pile Lithium)<\/li>\n<li>Le pack IC-GM1600E est livr\u00e9 avec une pile Lithium BP-234 ET une batterie Li-Ion BP-25<\/li>\n<li>Puissance : 2W<\/li>\n<li>Puissance audio optimis\u00e9e (700mW)<\/li>\n<li>Touches haute r\u00e9sistance<\/li>\n<li>Possibilit\u00e9 de raccorder micros et casques \u00e9tanche<\/li>\n<li>Syst\u00e8me \u00ab\u00a0speed water removal\u00a0\u00bb: permet d\u2019expulser l\u2019eau susceptible de p\u00e9n\u00e9trer dans la grille du haut-parleur<\/li>\n<li>Fonction SCAN<\/li>\n<li>Fonction Vox avec casque ou oreillette (en option), pour une utilisation mains libres (n\u00e9cessite un adaptateur OPC-1392)<\/li>\n<\/ul>\n<p><strong>Bandes de fr\u00e9quence:\u00a0<span class=\"bodycopy\">VHF 156.300 &#8211; 156.875 MHz<br \/>\n<\/span><\/strong><\/p>\n<p><strong><span class=\"bodycopy\">Dimensions : 65 x 145 x 44 mm\u00a0<\/span><\/strong><\/p>\n<p><strong>Poids: 385g<\/strong><\/p>\n<p>&nbsp;<\/p>\n<p><strong>Le pack standard comprend :<br \/>\n<\/strong><\/p>\n<ul>\n<li>Un portatif<\/li>\n<li>Une antenne jaune flexible VHF\u00a0150-164 MHz de type SMA (r\u00e9f: FA-S61V)<\/li>\n<\/ul>\n<ul>\n<li>Un chargeur (BC-173)<\/li>\n<\/ul>\n<ul>\n<li>Un alimentation secteur 12V (BC-147SE)<\/li>\n<\/ul>\n<ul>\n<li>Un clip ceinture jaune (r\u00e9f: MB-103Y)<\/li>\n<li>Un guide d&rsquo;utilisation<\/li>\n<\/ul>\n<p>Fabrication japonaise.<\/p>\n<p>Ce produit est garantit 3 ans. Nos conditions de garantie sont souples (voir les conditions g\u00e9n\u00e9rales de vente).<\/p>\n<h5><\/h5>\n<h5><\/h5>\n","protected":false},"excerpt":{"rendered":"<p><strong>Portatif analogique VHF conforme \u00e0 la r\u00e9glementation GMDSS (MED), con\u00e7u pour la marine.<br \/>\n<\/strong><\/p>\n","protected":false},"featured_media":3764,"template":"","meta":[],"product_brand":[3077],"product_cat":[3144],"product_tag":[3496,3581,3450],"class_list":{"0":"post-1502","1":"product","2":"type-product","3":"status-publish","4":"has-post-thumbnail","6":"product_brand-icom","7":"product_cat-talkies-pro-icom-talkies-pro-icom","8":"product_tag-analogique","9":"product_tag-ic-gm1600e","10":"product_tag-portatif-vhf","12":"first","13":"instock","14":"shipping-taxable","15":"purchasable","16":"product-type-simple"},"_links":{"self":[{"href":"https:\/\/lebrascommunication.fr\/ventes\/wp-json\/wp\/v2\/product\/1502","targetHints":{"allow":["GET"]}}],"collection":[{"href":"https:\/\/lebrascommunication.fr\/ventes\/wp-json\/wp\/v2\/product"}],"about":[{"href":"https:\/\/lebrascommunication.fr\/ventes\/wp-json\/wp\/v2\/types\/product"}],"wp:featuredmedia":[{"embeddable":true,"href":"https:\/\/lebrascommunication.fr\/ventes\/wp-json\/wp\/v2\/media\/3764"}],"wp:attachment":[{"href":"https:\/\/lebrascommunication.fr\/ventes\/wp-json\/wp\/v2\/media?parent=1502"}],"wp:term":[{"taxonomy":"product_brand","embeddable":true,"href":"https:\/\/lebrascommunication.fr\/ventes\/wp-json\/wp\/v2\/product_brand?post=1502"},{"taxonomy":"product_cat","embeddable":true,"href":"https:\/\/lebrascommunication.fr\/ventes\/wp-json\/wp\/v2\/product_cat?post=1502"},{"taxonomy":"product_tag","embeddable":true,"href":"https:\/\/lebrascommunication.fr\/ventes\/wp-json\/wp\/v2\/product_tag?post=1502"}],"curies":[{"name":"wp","href":"https:\/\/api.w.org\/{rel}","templated":true}]}}