{"id":1483,"date":"2017-10-22T16:06:25","date_gmt":"2017-10-22T14:06:25","guid":{"rendered":"https:\/\/lebrascommunication.fr\/ventes\/produit\/ic-m93deuro\/"},"modified":"2026-02-19T12:27:10","modified_gmt":"2026-02-19T11:27:10","slug":"ic-m93deuro","status":"publish","type":"product","link":"https:\/\/lebrascommunication.fr\/ventes\/produit\/ic-m93deuro\/","title":{"rendered":"IC-M93DEURO"},"content":{"rendered":"<p><strong><strong>Portatif analogique VHF multi-fonctions avec r\u00e9cepteur GNSS et ASN int\u00e9gr\u00e9, 70 canaux, con\u00e7u pour la marine.<\/strong><\/strong><\/p>\n<p><strong>Caract\u00e9ristiques:<\/strong><\/p>\n<ul>\n<li>ASN int\u00e9gr\u00e9 (r\u00e9cepteur d\u00e9di\u00e9)<\/li>\n<li>Fonction GPS<\/li>\n<li>Equip\u00e9 du Syst\u00e8me de Positionnement par Satellites\u00a0GNSS (GPS, GLONASS, QZSS, SBAS)<\/li>\n<li>Fonctions boussole et \u00ab\u00a0Waypoint\u00a0\u00bb (50 \u00ab\u00a0waypoint\u00a0\u00bb m\u00e9morisables)<\/li>\n<\/ul>\n<ul>\n<li>Large \u00e9cran 2,3&Prime; haute visibilit\u00e9 (m\u00eame en plein soleil)<\/li>\n<li>La plus fine VHF portable GPS\/ASN flottante au monde (38,5 mm)<\/li>\n<li>Etanch\u00e9it\u00e9 : IPX7<\/li>\n<li>Flottant avec \u00ab\u00a0feu \u00e0 \u00e9clat\u00a0\u00bb automatique<\/li>\n<li>Utilisation intuitive<\/li>\n<li>Puissance : 5W<\/li>\n<li>Puissance audio optimis\u00e9e (700mW)<\/li>\n<li>Autonomie : 9h avec la batterie Lithium-Ion BP-285<\/li>\n<li>Possibilit\u00e9 de raccorder micros et casques \u00e9tanche<\/li>\n<li>Fonction \u00ab\u00a0AquaQuake\u2122\u00a0\u00bb : \u00e9jection d\u2019eau par infrasons, pour \u201cs\u00e9cher\u201d le micro et le haut-parleur<\/li>\n<li>70 canaux priv\u00e9s programmables*<\/li>\n<\/ul>\n<ul>\n<li>Fonctions \u00ab\u00a0position request\u00a0\u00bb et \u00ab\u00a0position report<\/li>\n<\/ul>\n<ul>\n<li>R\u00e9ducteur de bruits (jusqu&rsquo;\u00e0 90%) dans les 2 sens<\/li>\n<li>Fonction \u00ab\u00a0homme \u00e0 la mer\u00a0\u00bb Cette fonction de s\u00e9curit\u00e9, associ\u00e9e aux autres caract\u00e9ristiques de la VHF, offre bien plus de possibilit\u00e9s que les simples balises MOB ou AIS limit\u00e9es en port\u00e9e et qui ne permettent pas<\/li>\n<li>Fonction ASN et homme \u00e0 la mer (MOB) l&rsquo;IC-M93DEURO int\u00e8gre l&rsquo;Appel S\u00e9lectif Num\u00e9rique (ASN) permettant de lancer des appels individuels mais aussi d&rsquo;envoyer un message de d\u00e9tresse aux secours (bouton rouge \u00e0 l&rsquo;arri\u00e8re de la VHF). Cette VHF est \u00e9quip\u00e9e de 2 r\u00e9cepteurs dont l&rsquo;un est d\u00e9di\u00e9 exclusivement au canal 70 afin de ne rater aucun appel ASN. Le GPS qui indique la position g\u00e9ographique de la VHF facilite l&rsquo;intervention des secours.<\/li>\n<\/ul>\n<p><em>(*)<\/em> Ces fonctions doivent \u00eatre programm\u00e9es par nos soins avant utilisation.<\/p>\n<p>&nbsp;<\/p>\n<p><strong>Bandes de fr\u00e9quence:\u00a0<span class=\"bodycopy\">VHF 156-163.275MHz<br \/>\n<\/span><\/strong><\/p>\n<p><strong><span class=\"bodycopy\">Dimensions : 57 x 144,6 x 38,5 mm<\/span><\/strong><\/p>\n<p><strong>Poids: 265g<\/strong><\/p>\n<p>&nbsp;<\/p>\n<p><strong>Le pack standard comprend :<br \/>\n<\/strong><\/p>\n<ul>\n<li>Un portatif<\/li>\n<li>Une antenne longue flexible VHF\u00a0150-163 MHz de type J (r\u00e9f: FA-SC59V)<\/li>\n<\/ul>\n<ul>\n<li>Une batterie Li-Ion 1570 mAh 7,2V (r\u00e9f: BP-285)<\/li>\n<\/ul>\n<ul>\n<li>Un chargeur rapide (r\u00e9f: BC-220) livr\u00e9 avec alimentation (r\u00e9f: BC-123SE)<\/li>\n<\/ul>\n<ul>\n<li>Un clip ceinture (r\u00e9f: MB-133)<\/li>\n<li>Un guide d&rsquo;utilisation<\/li>\n<\/ul>\n<p>Fabrication japonaise.<\/p>\n<p>Ce produit est garantit 3 ans. Nos conditions de garantie sont souples (voir les conditions g\u00e9n\u00e9rales de vente).<\/p>\n<h5><\/h5>\n<h5><\/h5>\n","protected":false},"excerpt":{"rendered":"<p><strong>Portatif analogique VHF multi-fonctions avec r\u00e9cepteur GNSS et ASN int\u00e9gr\u00e9, 70 canaux, con\u00e7u pour la marine.<br \/>\n<\/strong><\/p>\n<p><strong>Le couteau suisse de la mer !<\/strong><\/p>\n","protected":false},"featured_media":1389,"template":"","meta":[],"product_brand":[3077],"product_cat":[3144],"product_tag":[3686,3450],"class_list":{"0":"post-1483","1":"product","2":"type-product","3":"status-publish","4":"has-post-thumbnail","6":"product_brand-icom","7":"product_cat-talkies-pro-icom-talkies-pro-icom","8":"product_tag-ic-m93deuro","9":"product_tag-portatif-vhf","11":"first","12":"instock","13":"shipping-taxable","14":"purchasable","15":"product-type-simple"},"_links":{"self":[{"href":"https:\/\/lebrascommunication.fr\/ventes\/wp-json\/wp\/v2\/product\/1483","targetHints":{"allow":["GET"]}}],"collection":[{"href":"https:\/\/lebrascommunication.fr\/ventes\/wp-json\/wp\/v2\/product"}],"about":[{"href":"https:\/\/lebrascommunication.fr\/ventes\/wp-json\/wp\/v2\/types\/product"}],"wp:featuredmedia":[{"embeddable":true,"href":"https:\/\/lebrascommunication.fr\/ventes\/wp-json\/wp\/v2\/media\/1389"}],"wp:attachment":[{"href":"https:\/\/lebrascommunication.fr\/ventes\/wp-json\/wp\/v2\/media?parent=1483"}],"wp:term":[{"taxonomy":"product_brand","embeddable":true,"href":"https:\/\/lebrascommunication.fr\/ventes\/wp-json\/wp\/v2\/product_brand?post=1483"},{"taxonomy":"product_cat","embeddable":true,"href":"https:\/\/lebrascommunication.fr\/ventes\/wp-json\/wp\/v2\/product_cat?post=1483"},{"taxonomy":"product_tag","embeddable":true,"href":"https:\/\/lebrascommunication.fr\/ventes\/wp-json\/wp\/v2\/product_tag?post=1483"}],"curies":[{"name":"wp","href":"https:\/\/api.w.org\/{rel}","templated":true}]}}