{"id":1420,"date":"2020-08-28T16:35:11","date_gmt":"2020-08-28T14:35:11","guid":{"rendered":"https:\/\/lebrascommunication.fr\/ventes\/produit\/connexion-relais-maitre-supplementaire\/"},"modified":"2026-02-20T10:35:45","modified_gmt":"2026-02-20T09:35:45","slug":"connexion-relais-maitre-supplementaire","status":"publish","type":"product","link":"https:\/\/lebrascommunication.fr\/ventes\/produit\/connexion-relais-maitre-supplementaire\/","title":{"rendered":"Connexion relais ma\u00eetre suppl\u00e9mentaire"},"content":{"rendered":"<p>Connexion \u00e0 un\u00a0relais ma\u00eetre\u00a0suppl\u00e9mentaire pour syst\u00e8me relais Motorola IP Site Connect.<\/p>\n<p>Cette licence ajoute une connexion\u00a0\u00e0 un nouveau relais ma\u00eetre\u00a0Motorola dans un syst\u00e8me IP Site Connect. Vous pouvez connecter deux nouveaux canaux afin de r\u00e9cup\u00e9rer les donn\u00e9es de vos radios (localisation, alarmes, \u00e9tat&#8230;), ainsi que la possibilit\u00e9 de communiquer avec ces canaux \u00e0 partir de votre ordinateur.<\/p>\n<p>Il est possible de connecter des relais ma\u00eetres des syst\u00e8mes Capacity Plus et Capacity Plus Multi-site, mais uniquement pour r\u00e9cup\u00e9rer les donn\u00e9es (localisation, alarmes, \u00e9tat&#8230;). Pour avoir aussi la communication voix sur ces syst\u00e8mes, il faut prendre le logiciel <a href=\"http:\/\/lbc-systems.com\/motorola-dmr\/1594-logiciel-supervision-trbonet-plus.html\">Trbonet Plus<\/a>.<\/p>\n","protected":false},"excerpt":{"rendered":"<p>Connexion \u00e0 un\u00a0relais ma\u00eetre suppl\u00e9mentaire pour syst\u00e8me IPSC<\/p>\n","protected":false},"featured_media":1418,"template":"","meta":[],"product_brand":[3074],"product_cat":[3184],"product_tag":[3257,3219,3951],"class_list":{"0":"post-1420","1":"product","2":"type-product","3":"status-publish","4":"has-post-thumbnail","6":"product_brand-motorola","7":"product_cat-slr1000","8":"product_tag-licence","9":"product_tag-relais","10":"product_tag-systeme-ipsc","12":"first","13":"instock","14":"shipping-taxable","15":"purchasable","16":"product-type-simple"},"_links":{"self":[{"href":"https:\/\/lebrascommunication.fr\/ventes\/wp-json\/wp\/v2\/product\/1420","targetHints":{"allow":["GET"]}}],"collection":[{"href":"https:\/\/lebrascommunication.fr\/ventes\/wp-json\/wp\/v2\/product"}],"about":[{"href":"https:\/\/lebrascommunication.fr\/ventes\/wp-json\/wp\/v2\/types\/product"}],"wp:featuredmedia":[{"embeddable":true,"href":"https:\/\/lebrascommunication.fr\/ventes\/wp-json\/wp\/v2\/media\/1418"}],"wp:attachment":[{"href":"https:\/\/lebrascommunication.fr\/ventes\/wp-json\/wp\/v2\/media?parent=1420"}],"wp:term":[{"taxonomy":"product_brand","embeddable":true,"href":"https:\/\/lebrascommunication.fr\/ventes\/wp-json\/wp\/v2\/product_brand?post=1420"},{"taxonomy":"product_cat","embeddable":true,"href":"https:\/\/lebrascommunication.fr\/ventes\/wp-json\/wp\/v2\/product_cat?post=1420"},{"taxonomy":"product_tag","embeddable":true,"href":"https:\/\/lebrascommunication.fr\/ventes\/wp-json\/wp\/v2\/product_tag?post=1420"}],"curies":[{"name":"wp","href":"https:\/\/api.w.org\/{rel}","templated":true}]}}