{"id":1383,"date":"2017-10-18T20:02:13","date_gmt":"2017-10-18T18:02:13","guid":{"rendered":"https:\/\/lebrascommunication.fr\/ventes\/produit\/ic-m73euro-plus\/"},"modified":"2026-02-13T16:28:39","modified_gmt":"2026-02-13T15:28:39","slug":"ic-m73euro-plus","status":"publish","type":"product","link":"https:\/\/lebrascommunication.fr\/ventes\/produit\/ic-m73euro-plus\/","title":{"rendered":"IC-M73EURO \/ PLUS"},"content":{"rendered":"<p><strong><strong>Portatif analogique VHF multi-fonctions<\/strong> avec grande autonomie, 97 canaux, con\u00e7u pour la marine.<\/strong><\/p>\n<p><strong>Caract\u00e9ristiques:<\/strong><\/p>\n<ul>\n<li>Ecran r\u00e9tro\u00e9clair\u00e9<\/li>\n<li>Etanch\u00e9it\u00e9 : IPX8<\/li>\n<li>Utilisation intuitive et \u00e0 une main<\/li>\n<li>Puissance : 6W<\/li>\n<li>Puissance audio optimis\u00e9e (700mW)<\/li>\n<li>Autonomie : 15 \u00e0 18 h avec la batterie d&rsquo;origine (BP-245H Li-lon de 2150mAh)<\/li>\n<li>Possibilit\u00e9 de raccorder micros et casques \u00e9tanche<\/li>\n<li>Fonction \u00ab\u00a0AquaQuake\u2122\u00a0\u00bb : \u00e9jection d\u2019eau par infrasons, pour \u201cs\u00e9cher\u201d le micro et le haut-parleur<\/li>\n<li>70 canaux priv\u00e9s programmables*<\/li>\n<\/ul>\n<ul>\n<li>Fonction fluvial ATIS*<\/li>\n<\/ul>\n<p><span style=\"text-decoration: underline\">Caract\u00e9ristiques propres au IC-M73EURO PLUS :<\/span><\/p>\n<ul>\n<li>Fonction \u00ab\u00a0Bass Boost\u00a0\u00bb : Cette fonction in\u00e9dite am\u00e9liore la qualit\u00e9 audio de la communication en r\u00e9ception et \u00e9mission en augmentant les graves.<\/li>\n<li>Enregistreur automatique : L&rsquo;IC-M73EURO PLUS est \u00e9quip\u00e9e d&rsquo;un enregistreur automatique de la derni\u00e8re minute de r\u00e9ception. Cette fonction est id\u00e9ale pour v\u00e9rifier une information (bulletin m\u00e9t\u00e9o, position d&rsquo;un bateau, etc. )<\/li>\n<li>R\u00e9ducteur de bruits (jusqu&rsquo;\u00e0 90%)<\/li>\n<\/ul>\n<p><em>(*)<\/em> Ces fonctions doivent \u00eatre programm\u00e9es par nos soins avant utilisation.<\/p>\n<p>&nbsp;<\/p>\n<p><strong>Bandes de fr\u00e9quence:\u00a0<span class=\"bodycopy\">VHF 156-163.425MHz<br \/>\n<\/span><\/strong><\/p>\n<p><strong><span class=\"bodycopy\">Dimensions : 52.5\u00d7125\u00d730 mm<\/span><\/strong><\/p>\n<p><strong>Poids: 320g<\/strong><\/p>\n<p>&nbsp;<\/p>\n<p><strong>Le pack standard comprend :<br \/>\n<\/strong><\/p>\n<ul>\n<li>Un portatif<\/li>\n<li>Une antenne longue flexible VHF\u00a0150-174 MHz type SMA (r\u00e9f: FA-S59V)<\/li>\n<\/ul>\n<ul>\n<li>Une batterie Li-Ion 2150 mAh 7,2V (r\u00e9f: BP-245H)<\/li>\n<\/ul>\n<ul>\n<li>Un chargeur rapide (r\u00e9f: BC-210#16) livr\u00e9 avec alimentation (r\u00e9f: BC-123S)<\/li>\n<\/ul>\n<ul>\n<li>Une pince de ceinture type crocodile (r\u00e9f: MB-103)<\/li>\n<li>Un guide d&rsquo;utilisation<\/li>\n<\/ul>\n<p>Fabrication japonaise.<\/p>\n<p>Ce produit est garantit 3 ans. Nos conditions de garantie sont souples (voir les conditions g\u00e9n\u00e9rales de vente).<\/p>\n<h5><\/h5>\n<h5><\/h5>\n","protected":false},"excerpt":{"rendered":"<p><strong>Portatif analogique VHF multi-fonctions, 97 canaux, con\u00e7u pour la marine.<br \/>\n<\/strong><\/p>\n","protected":false},"featured_media":1316,"template":"","meta":[],"product_brand":[3077],"product_cat":[3144],"product_tag":[3496,3582,3548,3280],"class_list":{"0":"post-1383","1":"product","2":"type-product","3":"status-publish","4":"has-post-thumbnail","6":"product_brand-icom","7":"product_cat-talkies-pro-icom-talkies-pro-icom","8":"product_tag-analogique","9":"product_tag-ic-m73euro","10":"product_tag-marine","11":"product_tag-vhf","13":"first","14":"instock","15":"shipping-taxable","16":"purchasable","17":"product-type-simple"},"_links":{"self":[{"href":"https:\/\/lebrascommunication.fr\/ventes\/wp-json\/wp\/v2\/product\/1383","targetHints":{"allow":["GET"]}}],"collection":[{"href":"https:\/\/lebrascommunication.fr\/ventes\/wp-json\/wp\/v2\/product"}],"about":[{"href":"https:\/\/lebrascommunication.fr\/ventes\/wp-json\/wp\/v2\/types\/product"}],"wp:featuredmedia":[{"embeddable":true,"href":"https:\/\/lebrascommunication.fr\/ventes\/wp-json\/wp\/v2\/media\/1316"}],"wp:attachment":[{"href":"https:\/\/lebrascommunication.fr\/ventes\/wp-json\/wp\/v2\/media?parent=1383"}],"wp:term":[{"taxonomy":"product_brand","embeddable":true,"href":"https:\/\/lebrascommunication.fr\/ventes\/wp-json\/wp\/v2\/product_brand?post=1383"},{"taxonomy":"product_cat","embeddable":true,"href":"https:\/\/lebrascommunication.fr\/ventes\/wp-json\/wp\/v2\/product_cat?post=1383"},{"taxonomy":"product_tag","embeddable":true,"href":"https:\/\/lebrascommunication.fr\/ventes\/wp-json\/wp\/v2\/product_tag?post=1383"}],"curies":[{"name":"wp","href":"https:\/\/api.w.org\/{rel}","templated":true}]}}