{"id":1360,"date":"2019-04-29T13:42:32","date_gmt":"2019-04-29T11:42:32","guid":{"rendered":"https:\/\/lebrascommunication.fr\/ventes\/produit\/batterie-pour-micro-deporte-bluetooth\/"},"modified":"2026-04-16T15:47:38","modified_gmt":"2026-04-16T13:47:38","slug":"batterie-pour-micro-deporte-bluetooth","status":"publish","type":"product","link":"https:\/\/lebrascommunication.fr\/ventes\/produit\/batterie-pour-micro-deporte-bluetooth\/","title":{"rendered":"Batterie pour micro-d\u00e9port\u00e9 Bluetooth"},"content":{"rendered":"<p>Batterie pour micro-d\u00e9port\u00e9 Bluetooth\u00a0<a href=\"http:\/\/lbc-systems.com\/micro-deportes-dp2000-dp3441-dp3661\/1411-kit-micro-deporte-sans-fil.html\">GMLN5503<\/a>\u00a0ou\u00a0<a href=\"http:\/\/lbc-systems.com\/micro-deportes-dp2000-dp3441-dp3661\/1430-micro-deporte-sans-fil-de-remplacement.html\">PMMN4096<\/a><\/p>\n<ul>\n<li>Dimensions HxLxP (mm): 83 x 60 x 18<\/li>\n<li>Poids (g): 59g<\/li>\n<li>Chimie: LiIon<\/li>\n<li>Temps de fonctionnement (heures): 28 heures (conf: 5\/5\/90) ou 13 heures (Conf: 5\/35\/60)<\/li>\n<li>Capacit\u00e9 [mAh]: 1800mAh (typique)<\/li>\n<li>Type: Non IMPRES<\/li>\n<li>Plage de fonctionnement (\u00b0 c): -10 \u00e0 +60<\/li>\n<li>Effet m\u00e9moire: aucun<\/li>\n<\/ul>\n","protected":false},"excerpt":{"rendered":"<p>Batterie pour micro-d\u00e9port\u00e9 Bluetooth\u00a0<a href=\"http:\/\/lbc-systems.com\/micro-deportes-dp2000-dp3441-dp3661\/1411-kit-micro-deporte-sans-fil.html\">GMLN5503<\/a>\u00a0ou\u00a0<a href=\"http:\/\/lbc-systems.com\/micro-deportes-dp2000-dp3441-dp3661\/1430-micro-deporte-sans-fil-de-remplacement.html\">PMMN4096<\/a><\/p>\n","protected":false},"featured_media":1342,"template":"","meta":[],"product_brand":[3074],"product_cat":[3163],"product_tag":[3175,3279,3375,3241,3376],"class_list":{"0":"post-1360","1":"product","2":"type-product","3":"status-publish","4":"has-post-thumbnail","6":"product_brand-motorola","7":"product_cat-accessoires-talkies-motorola","8":"product_tag-batterie","9":"product_tag-bluetooth","10":"product_tag-gmln5503","11":"product_tag-micro-deporte","12":"product_tag-pmmn4096","14":"first","15":"instock","16":"shipping-taxable","17":"purchasable","18":"product-type-simple"},"_links":{"self":[{"href":"https:\/\/lebrascommunication.fr\/ventes\/wp-json\/wp\/v2\/product\/1360","targetHints":{"allow":["GET"]}}],"collection":[{"href":"https:\/\/lebrascommunication.fr\/ventes\/wp-json\/wp\/v2\/product"}],"about":[{"href":"https:\/\/lebrascommunication.fr\/ventes\/wp-json\/wp\/v2\/types\/product"}],"wp:featuredmedia":[{"embeddable":true,"href":"https:\/\/lebrascommunication.fr\/ventes\/wp-json\/wp\/v2\/media\/1342"}],"wp:attachment":[{"href":"https:\/\/lebrascommunication.fr\/ventes\/wp-json\/wp\/v2\/media?parent=1360"}],"wp:term":[{"taxonomy":"product_brand","embeddable":true,"href":"https:\/\/lebrascommunication.fr\/ventes\/wp-json\/wp\/v2\/product_brand?post=1360"},{"taxonomy":"product_cat","embeddable":true,"href":"https:\/\/lebrascommunication.fr\/ventes\/wp-json\/wp\/v2\/product_cat?post=1360"},{"taxonomy":"product_tag","embeddable":true,"href":"https:\/\/lebrascommunication.fr\/ventes\/wp-json\/wp\/v2\/product_tag?post=1360"}],"curies":[{"name":"wp","href":"https:\/\/api.w.org\/{rel}","templated":true}]}}