{"id":1351,"date":"2020-08-28T10:34:23","date_gmt":"2020-08-28T08:34:23","guid":{"rendered":"https:\/\/lebrascommunication.fr\/ventes\/produit\/licence-radio-supplementaire-201-a-500-unites\/"},"modified":"2026-04-17T11:20:06","modified_gmt":"2026-04-17T09:20:06","slug":"licence-radio-supplementaire-201-a-500-unites","status":"publish","type":"product","link":"https:\/\/lebrascommunication.fr\/ventes\/produit\/licence-radio-supplementaire-201-a-500-unites\/","title":{"rendered":"Licence radio suppl\u00e9mentaire 201 \u00e0 500 unit\u00e9s"},"content":{"rendered":"<p>Licence radio suppl\u00e9mentaire pour 201 \u00e0 500 unit\u00e9s command\u00e9es.<\/p>\n<p>Cette licence ajoute une connexion radio au logiciel Trbonet Enterprise.<\/p>\n","protected":false},"excerpt":{"rendered":"<p>Licence radio suppl\u00e9mentaire 201 \u00e0 500 unit\u00e9s<\/p>\n","protected":false},"featured_media":1349,"template":"","meta":[],"product_brand":[3074],"product_cat":[3163],"product_tag":[3257,3560,3617],"class_list":{"0":"post-1351","1":"product","2":"type-product","3":"status-publish","4":"has-post-thumbnail","6":"product_brand-motorola","7":"product_cat-accessoires-talkies-motorola","8":"product_tag-licence","9":"product_tag-radio","10":"product_tag-trbonet-enterprise","12":"first","13":"instock","14":"shipping-taxable","15":"purchasable","16":"product-type-simple"},"_links":{"self":[{"href":"https:\/\/lebrascommunication.fr\/ventes\/wp-json\/wp\/v2\/product\/1351","targetHints":{"allow":["GET"]}}],"collection":[{"href":"https:\/\/lebrascommunication.fr\/ventes\/wp-json\/wp\/v2\/product"}],"about":[{"href":"https:\/\/lebrascommunication.fr\/ventes\/wp-json\/wp\/v2\/types\/product"}],"wp:featuredmedia":[{"embeddable":true,"href":"https:\/\/lebrascommunication.fr\/ventes\/wp-json\/wp\/v2\/media\/1349"}],"wp:attachment":[{"href":"https:\/\/lebrascommunication.fr\/ventes\/wp-json\/wp\/v2\/media?parent=1351"}],"wp:term":[{"taxonomy":"product_brand","embeddable":true,"href":"https:\/\/lebrascommunication.fr\/ventes\/wp-json\/wp\/v2\/product_brand?post=1351"},{"taxonomy":"product_cat","embeddable":true,"href":"https:\/\/lebrascommunication.fr\/ventes\/wp-json\/wp\/v2\/product_cat?post=1351"},{"taxonomy":"product_tag","embeddable":true,"href":"https:\/\/lebrascommunication.fr\/ventes\/wp-json\/wp\/v2\/product_tag?post=1351"}],"curies":[{"name":"wp","href":"https:\/\/api.w.org\/{rel}","templated":true}]}}