{"id":1298,"date":"2019-04-26T11:51:29","date_gmt":"2019-04-26T09:51:29","guid":{"rendered":"https:\/\/lebrascommunication.fr\/ventes\/produit\/kit-d-accessoires-bluetooth-boom-mic\/"},"modified":"2025-12-24T10:59:10","modified_gmt":"2025-12-24T09:59:10","slug":"kit-d-accessoires-bluetooth-boom-mic","status":"publish","type":"product","link":"https:\/\/lebrascommunication.fr\/ventes\/produit\/kit-d-accessoires-bluetooth-boom-mic\/","title":{"rendered":"Kit d&rsquo;accessoires Bluetooth (Boom Mic)"},"content":{"rendered":"<p>Kit d&rsquo;accessoires Bluetooth comprenant :<\/p>\n<ul>\n<li>Un pod Bluetooth avec prise jack 3,5mm, bouton d&rsquo;alimentation \/ volume, indicateur d&rsquo;\u00e9tat Bluetooth et clip pour v\u00eatements<\/li>\n<li>Un \u00e9couteur avec micro boom,\u00a0offrant une communication s\u00e9curis\u00e9e , un confort et une flexibilit\u00e9<\/li>\n<li>Un socle de charge,\u00a0l\u00e9ger et capable de charger la batterie Wireless Pod via un chargeur micro USB<\/li>\n<\/ul>\n<p>Attention : Le bloc d&rsquo;alimentation n&rsquo;est pas fourni (<a href=\"http:\/\/lbc-systems.com\/chargeurs-sl1600\/1403-chargeur-rapide-micro-usb.html\">PS000042A12<\/a>)<\/p>\n<p>Compatibilit\u00e9s :\u00a0DP4001, DP3441, DP3661, SL2600, SL4000, DM4401, DM4601, ainsi que les versions \u00ab\u00a0e\u00a0\u00bb<\/p>\n","protected":false},"excerpt":{"rendered":"<p>Kit d&rsquo;accessoires Bluetooth comprenant :<\/p>\n<ul>\n<li>Un pod Bluetooth<\/li>\n<li>Un \u00e9couteur avec micro boom<\/li>\n<li>Un socle de charge<\/li>\n<\/ul>\n<p>Attention : Le bloc d&rsquo;alimentation n&rsquo;est pas fourni (<a href=\"http:\/\/lbc-systems.com\/chargeurs-sl1600\/1403-chargeur-rapide-micro-usb.html\">PS000042A12<\/a>)<\/p>\n<p>Compatibilit\u00e9s :\u00a0DP4001, DP3441, DP3661, SL2600, SL4000, DM4401, DM4601 ainsi que les versions \u00ab\u00a0e\u00a0\u00bb<\/p>\n","protected":false},"featured_media":3650,"template":"","meta":[],"product_brand":[3074],"product_cat":[3163],"product_tag":[3279,3358,3281,3476],"class_list":{"0":"post-1298","1":"product","2":"type-product","3":"status-publish","4":"has-post-thumbnail","6":"product_brand-motorola","7":"product_cat-accessoires-talkies-motorola","8":"product_tag-bluetooth","9":"product_tag-kit","10":"product_tag-micro","11":"product_tag-pod","13":"first","14":"instock","15":"shipping-taxable","16":"purchasable","17":"product-type-simple"},"_links":{"self":[{"href":"https:\/\/lebrascommunication.fr\/ventes\/wp-json\/wp\/v2\/product\/1298","targetHints":{"allow":["GET"]}}],"collection":[{"href":"https:\/\/lebrascommunication.fr\/ventes\/wp-json\/wp\/v2\/product"}],"about":[{"href":"https:\/\/lebrascommunication.fr\/ventes\/wp-json\/wp\/v2\/types\/product"}],"wp:featuredmedia":[{"embeddable":true,"href":"https:\/\/lebrascommunication.fr\/ventes\/wp-json\/wp\/v2\/media\/3650"}],"wp:attachment":[{"href":"https:\/\/lebrascommunication.fr\/ventes\/wp-json\/wp\/v2\/media?parent=1298"}],"wp:term":[{"taxonomy":"product_brand","embeddable":true,"href":"https:\/\/lebrascommunication.fr\/ventes\/wp-json\/wp\/v2\/product_brand?post=1298"},{"taxonomy":"product_cat","embeddable":true,"href":"https:\/\/lebrascommunication.fr\/ventes\/wp-json\/wp\/v2\/product_cat?post=1298"},{"taxonomy":"product_tag","embeddable":true,"href":"https:\/\/lebrascommunication.fr\/ventes\/wp-json\/wp\/v2\/product_tag?post=1298"}],"curies":[{"name":"wp","href":"https:\/\/api.w.org\/{rel}","templated":true}]}}