{"id":1290,"date":"2019-04-26T11:42:56","date_gmt":"2019-04-26T09:42:56","guid":{"rendered":"https:\/\/lebrascommunication.fr\/ventes\/produit\/chargeur-micro-deportes-sans-fil\/"},"modified":"2026-01-27T09:29:13","modified_gmt":"2026-01-27T08:29:13","slug":"chargeur-micro-deportes-sans-fil","status":"publish","type":"product","link":"https:\/\/lebrascommunication.fr\/ventes\/produit\/chargeur-micro-deportes-sans-fil\/","title":{"rendered":"Chargeur micro-d\u00e9port\u00e9s sans fil"},"content":{"rendered":"<p>Chargeur pour micro-d\u00e9port\u00e9s\u00a0Bluetooth<\/p>\n<ul>\n<li>Dimensions LxHxL (mm): 90x46x87<\/li>\n<li>Poids (g): 140g<\/li>\n<li>Chimie: LiIon<\/li>\n<li>Nombre d&#8217;emplacements de charge\u00a0: 2<\/li>\n<li>Cordon d&rsquo;alimentation: EU<\/li>\n<li>Affichage: non<\/li>\n<li>Type de chargeur: Non IMPRES<\/li>\n<\/ul>\n","protected":false},"excerpt":{"rendered":"<p>Chargeur\u00a0pour micro-d\u00e9port\u00e9s Bluetooth<\/p>\n","protected":false},"featured_media":1289,"template":"","meta":[],"product_brand":[3074],"product_cat":[3088],"product_tag":[3279,3213,3241],"class_list":{"0":"post-1290","1":"product","2":"type-product","3":"status-publish","4":"has-post-thumbnail","6":"product_brand-motorola","7":"product_cat-accessoires-pour-bases-ou-mobiles-motorola","8":"product_tag-bluetooth","9":"product_tag-chargeur","10":"product_tag-micro-deporte","12":"first","13":"instock","14":"shipping-taxable","15":"purchasable","16":"product-type-simple"},"_links":{"self":[{"href":"https:\/\/lebrascommunication.fr\/ventes\/wp-json\/wp\/v2\/product\/1290","targetHints":{"allow":["GET"]}}],"collection":[{"href":"https:\/\/lebrascommunication.fr\/ventes\/wp-json\/wp\/v2\/product"}],"about":[{"href":"https:\/\/lebrascommunication.fr\/ventes\/wp-json\/wp\/v2\/types\/product"}],"wp:featuredmedia":[{"embeddable":true,"href":"https:\/\/lebrascommunication.fr\/ventes\/wp-json\/wp\/v2\/media\/1289"}],"wp:attachment":[{"href":"https:\/\/lebrascommunication.fr\/ventes\/wp-json\/wp\/v2\/media?parent=1290"}],"wp:term":[{"taxonomy":"product_brand","embeddable":true,"href":"https:\/\/lebrascommunication.fr\/ventes\/wp-json\/wp\/v2\/product_brand?post=1290"},{"taxonomy":"product_cat","embeddable":true,"href":"https:\/\/lebrascommunication.fr\/ventes\/wp-json\/wp\/v2\/product_cat?post=1290"},{"taxonomy":"product_tag","embeddable":true,"href":"https:\/\/lebrascommunication.fr\/ventes\/wp-json\/wp\/v2\/product_tag?post=1290"}],"curies":[{"name":"wp","href":"https:\/\/api.w.org\/{rel}","templated":true}]}}