{"id":1284,"date":"2019-04-26T11:09:31","date_gmt":"2019-04-26T09:09:31","guid":{"rendered":"https:\/\/lebrascommunication.fr\/ventes\/produit\/micro-oreillette-bluetooth-1-fil\/"},"modified":"2025-12-24T10:53:16","modified_gmt":"2025-12-24T09:53:16","slug":"micro-oreillette-bluetooth-1-fil","status":"publish","type":"product","link":"https:\/\/lebrascommunication.fr\/ventes\/produit\/micro-oreillette-bluetooth-1-fil\/","title":{"rendered":"Micro-oreillette Bluetooth 1 fil"},"content":{"rendered":"<p>Bluetooth<\/p>\n<p><span id=\"result_box\" lang=\"fr\" xml:lang=\"fr\"><span class=\"hps\">Micro-oreillette Bluetooth\u00a01\u00a0fil, l\u00e9g\u00e8re<\/span><span class=\"hps\">\u00a0et<\/span> <span class=\"hps\">discr\u00e8te<\/span> <span class=\"hps\">pour les utilisateurs professionnels.<\/span><\/span><\/p>\n<p><span lang=\"fr\" xml:lang=\"fr\"><span class=\"hps\">Doit \u00eatre connect\u00e9e au bouton PTT appropri\u00e9\u00a0<a href=\"http:\/\/lbc-systems.com\/micro-oreillettes-dp3001-dp4001\/751-bouton-ptt-sans-fil-pour-series-dp-et-sl.html\">NNTN8191<\/a><\/span><\/span><\/p>\n<p><strong><span lang=\"fr\" xml:lang=\"fr\">Caract\u00e9ristiques:<\/span><\/strong><\/p>\n<ul>\n<li><span lang=\"fr\" xml:lang=\"fr\"><span class=\"hps\">Microphone int\u00e9gr\u00e9<\/span>\u00a0au fil,\u00a0<span class=\"hps\">id\u00e9al<\/span> <span class=\"hps\">pour les transmissions<\/span> <span class=\"hps\">dans les environnements bruyants<\/span><\/span><\/li>\n<\/ul>\n<p>Compatibilit\u00e9s :\u00a0DP4001, DP3441, DP3661, SL2600, SL4000, DM4401, DM4601 ainsi que les versions \u00ab\u00a0e\u00a0\u00bb<\/p>\n","protected":false},"excerpt":{"rendered":"<p>Micro-oreillette Bluetooth 1\u00a0fil<\/p>\n<p>Compatibilit\u00e9s :\u00a0DP4001, DP3441, DP3661, SL2600, SL4000, DM4401, DM4601 ainsi que les versions \u00ab\u00a0e\u00a0\u00bb<\/p>\n<p>Doit \u00eatre connect\u00e9e au bouton PTT appropri\u00e9\u00a0<a href=\"http:\/\/lbc-systems.com\/micro-oreillettes-dp3001-dp4001\/751-bouton-ptt-sans-fil-pour-series-dp-et-sl.html\">NNTN8191<\/a><\/p>\n","protected":false},"featured_media":1279,"template":"","meta":[],"product_brand":[3074],"product_cat":[3163],"product_tag":[3279,3230,3231,3174,3249,3193,3250,3345,3334,3224,3220],"class_list":{"0":"post-1284","1":"product","2":"type-product","3":"status-publish","4":"has-post-thumbnail","6":"product_brand-motorola","7":"product_cat-accessoires-talkies-motorola","8":"product_tag-bluetooth","9":"product_tag-dm4401","10":"product_tag-dm4601","11":"product_tag-dp3441","12":"product_tag-dp3441e","13":"product_tag-dp3661","14":"product_tag-dp3661e","15":"product_tag-dp4001","16":"product_tag-micro-oreillette","17":"product_tag-sl2600","18":"product_tag-sl4000","20":"first","21":"instock","22":"shipping-taxable","23":"purchasable","24":"product-type-simple"},"_links":{"self":[{"href":"https:\/\/lebrascommunication.fr\/ventes\/wp-json\/wp\/v2\/product\/1284","targetHints":{"allow":["GET"]}}],"collection":[{"href":"https:\/\/lebrascommunication.fr\/ventes\/wp-json\/wp\/v2\/product"}],"about":[{"href":"https:\/\/lebrascommunication.fr\/ventes\/wp-json\/wp\/v2\/types\/product"}],"wp:featuredmedia":[{"embeddable":true,"href":"https:\/\/lebrascommunication.fr\/ventes\/wp-json\/wp\/v2\/media\/1279"}],"wp:attachment":[{"href":"https:\/\/lebrascommunication.fr\/ventes\/wp-json\/wp\/v2\/media?parent=1284"}],"wp:term":[{"taxonomy":"product_brand","embeddable":true,"href":"https:\/\/lebrascommunication.fr\/ventes\/wp-json\/wp\/v2\/product_brand?post=1284"},{"taxonomy":"product_cat","embeddable":true,"href":"https:\/\/lebrascommunication.fr\/ventes\/wp-json\/wp\/v2\/product_cat?post=1284"},{"taxonomy":"product_tag","embeddable":true,"href":"https:\/\/lebrascommunication.fr\/ventes\/wp-json\/wp\/v2\/product_tag?post=1284"}],"curies":[{"name":"wp","href":"https:\/\/api.w.org\/{rel}","templated":true}]}}