{"id":1213,"date":"2020-08-19T16:27:45","date_gmt":"2020-08-19T14:27:45","guid":{"rendered":"https:\/\/lebrascommunication.fr\/ventes\/produit\/micro-de-remplacement-pour-micro-casque-cote-droit\/"},"modified":"2025-12-23T13:58:53","modified_gmt":"2025-12-23T12:58:53","slug":"micro-de-remplacement-pour-micro-casque-cote-droit","status":"publish","type":"product","link":"https:\/\/lebrascommunication.fr\/ventes\/produit\/micro-de-remplacement-pour-micro-casque-cote-droit\/","title":{"rendered":"Micro de remplacement pour micro-casque &#8211; c\u00f4t\u00e9 droit"},"content":{"rendered":"<p>Micro c\u00f4t\u00e9 droit de remplacement pour micro-casque\u00a0<a href=\"http:\/\/lbc-systems.com\/micro-casques-dp4000e-dp3000\/1473-casque-reducteur-de-bruit.html\">PMLN6852<\/a>,\u00a0<a href=\"http:\/\/lbc-systems.com\/micro-casques-dp4000e-dp3000\/1475-casque-reducteur-de-bruit-ul-tia4950.html\">PMLN6853<\/a>,\u00a0<a href=\"http:\/\/lbc-systems.com\/micro-casques-dp1400-cp040\/1399-casque-anti-bruit.html\">PMLN6854<\/a>,\u00a0<a href=\"http:\/\/lbc-systems.com\/micro-casques-dp2000-e-dp3441-dp3661e\/1508-casque-robuste.html\">PMLN6760<\/a>,\u00a0<a href=\"http:\/\/lbc-systems.com\/micro-casques-dp2000-e-dp3441-dp3661e\/1510-casque-robuste-ul-tia.html\">PMLN6763<\/a>,\u00a0<a href=\"http:\/\/lbc-systems.com\/micro-casques-dp2000-e-dp3441-dp3661e\/1511-casque-robuste.html\">PMLN7464<\/a>, <a href=\"http:\/\/lbc-systems.com\/micro-casques-dp2000-e-dp3441-dp3661e\/1512-casque-robuste.html\">PMLN7465<\/a>,\u00a0<a href=\"http:\/\/lbc-systems.com\/micro-casques-dp4000e-dp3000\/1476-casque-reducteur-de-bruit.html\">PMLN7466<\/a> et\u00a0<a href=\"http:\/\/lbc-systems.com\/micro-casques-dp4000e-dp3000\/1477-casque-reducteur-de-bruit-ul-tia4950.html\">PMLN7467<\/a><\/p>\n<p>Micro complet<\/p>\n<p>Attention : ne peux pas \u00eatre fix\u00e9 du c\u00f4t\u00e9\u00a0gauche<\/p>\n","protected":false},"excerpt":{"rendered":"<p>Micro de remplacement pour micro-casque\u00a0<a href=\"http:\/\/lbc-systems.com\/micro-casques-dp4000e-dp3000\/1473-casque-reducteur-de-bruit.html\">PMLN6852<\/a>, <a href=\"http:\/\/lbc-systems.com\/micro-casques-dp4000e-dp3000\/1475-casque-reducteur-de-bruit-ul-tia4950.html\">PMLN6853<\/a>, <a href=\"http:\/\/lbc-systems.com\/micro-casques-dp1400-cp040\/1399-casque-anti-bruit.html\">PMLN6854<\/a>, <a href=\"http:\/\/lbc-systems.com\/micro-casques-dp2000-e-dp3441-dp3661e\/1508-casque-robuste.html\">PMLN6760<\/a>, <a href=\"http:\/\/lbc-systems.com\/micro-casques-dp2000-e-dp3441-dp3661e\/1510-casque-robuste-ul-tia.html\">PMLN6763<\/a>,\u00a0<a href=\"http:\/\/lbc-systems.com\/micro-casques-dp2000-e-dp3441-dp3661e\/1511-casque-robuste.html\">PMLN7464<\/a>, <a href=\"http:\/\/lbc-systems.com\/micro-casques-dp2000-e-dp3441-dp3661e\/1512-casque-robuste.html\">PMLN7465<\/a>, <a href=\"http:\/\/lbc-systems.com\/micro-casques-dp4000e-dp3000\/1476-casque-reducteur-de-bruit.html\">PMLN7466 <\/a>et\u00a0<a href=\"http:\/\/lbc-systems.com\/micro-casques-dp4000e-dp3000\/1477-casque-reducteur-de-bruit-ul-tia4950.html\">PMLN7467<\/a><\/p>\n<p>C\u00f4t\u00e9\u00a0droit<\/p>\n","protected":false},"featured_media":3620,"template":"","meta":[],"product_brand":[3074],"product_cat":[3177,3179,3163],"product_tag":[3431,3281,3254,3423,3424,3420,3421,3422,3425,3426,3427,3428],"class_list":{"0":"post-1213","1":"product","2":"type-product","3":"status-publish","4":"has-post-thumbnail","6":"product_brand-motorola","7":"product_cat-r5-dp2000e","8":"product_cat-dp3000e","9":"product_cat-accessoires-talkies-motorola","10":"product_tag-cote-droit","11":"product_tag-micro","12":"product_tag-micro-casque","13":"product_tag-pmln6760","14":"product_tag-pmln6763","15":"product_tag-pmln6852","16":"product_tag-pmln6853","17":"product_tag-pmln6854","18":"product_tag-pmln7464","19":"product_tag-pmln7465","20":"product_tag-pmln7466","21":"product_tag-pmln7467","23":"first","24":"instock","25":"shipping-taxable","26":"purchasable","27":"product-type-simple"},"_links":{"self":[{"href":"https:\/\/lebrascommunication.fr\/ventes\/wp-json\/wp\/v2\/product\/1213","targetHints":{"allow":["GET"]}}],"collection":[{"href":"https:\/\/lebrascommunication.fr\/ventes\/wp-json\/wp\/v2\/product"}],"about":[{"href":"https:\/\/lebrascommunication.fr\/ventes\/wp-json\/wp\/v2\/types\/product"}],"wp:featuredmedia":[{"embeddable":true,"href":"https:\/\/lebrascommunication.fr\/ventes\/wp-json\/wp\/v2\/media\/3620"}],"wp:attachment":[{"href":"https:\/\/lebrascommunication.fr\/ventes\/wp-json\/wp\/v2\/media?parent=1213"}],"wp:term":[{"taxonomy":"product_brand","embeddable":true,"href":"https:\/\/lebrascommunication.fr\/ventes\/wp-json\/wp\/v2\/product_brand?post=1213"},{"taxonomy":"product_cat","embeddable":true,"href":"https:\/\/lebrascommunication.fr\/ventes\/wp-json\/wp\/v2\/product_cat?post=1213"},{"taxonomy":"product_tag","embeddable":true,"href":"https:\/\/lebrascommunication.fr\/ventes\/wp-json\/wp\/v2\/product_tag?post=1213"}],"curies":[{"name":"wp","href":"https:\/\/api.w.org\/{rel}","templated":true}]}}