{"id":1048,"date":"2017-08-10T18:09:31","date_gmt":"2017-08-10T16:09:31","guid":{"rendered":"https:\/\/lebrascommunication.fr\/ventes\/produit\/micro-deporte-atex-avec-jack-impres\/"},"modified":"2026-01-23T09:37:27","modified_gmt":"2026-01-23T08:37:27","slug":"micro-deporte-atex-avec-jack-impres","status":"publish","type":"product","link":"https:\/\/lebrascommunication.fr\/ventes\/produit\/micro-deporte-atex-avec-jack-impres\/","title":{"rendered":"Micro d\u00e9port\u00e9 ATEX avec jack IMPRES"},"content":{"rendered":"<p>Micro d\u00e9port\u00e9 pour les gammes de talkies DP4000 ATEX ainsi que les versions \u00ab\u00a0Ma\u00a0\u00bb pour travail en mine..<\/p>\n<p><strong>Caract\u00e9ristiques :<\/strong><\/p>\n<ul>\n<li>Connecteur pour oreillette :jack 3.5 mm<\/li>\n<li>Connecteur Nexus : oui<\/li>\n<li>Bouton de volume : oui<\/li>\n<li>Bouton d&rsquo;urgence : oui<\/li>\n<li>Technologie de r\u00e9duction du bruit de fond : oui (notamment en cas de vent)<\/li>\n<li>Technologie de r\u00e9duction des bruit IMPRES omnidirectionnelle : oui<\/li>\n<li>Indice de protection : IP67<\/li>\n<li>Standard de s\u00e9curit\u00e9 intrins\u00e8que : ATEX (indice poussi\u00e8re : 2)<\/li>\n<\/ul>\n","protected":false},"excerpt":{"rendered":"<p>Micro d\u00e9port\u00e9 pour les gammes de talkies DP4000 ATEX ainsi que les versions \u00ab\u00a0Ma\u00a0\u00bb pour travail en mine.<\/p>\n","protected":false},"featured_media":1047,"template":"","meta":[],"product_brand":[3074],"product_cat":[3163],"product_tag":[3374,3539,3241],"class_list":{"0":"post-1048","1":"product","2":"type-product","3":"status-publish","4":"has-post-thumbnail","6":"product_brand-motorola","7":"product_cat-accessoires-talkies-motorola","8":"product_tag-dp4000-atex","9":"product_tag-impres","10":"product_tag-micro-deporte","12":"first","13":"instock","14":"shipping-taxable","15":"purchasable","16":"product-type-simple"},"_links":{"self":[{"href":"https:\/\/lebrascommunication.fr\/ventes\/wp-json\/wp\/v2\/product\/1048","targetHints":{"allow":["GET"]}}],"collection":[{"href":"https:\/\/lebrascommunication.fr\/ventes\/wp-json\/wp\/v2\/product"}],"about":[{"href":"https:\/\/lebrascommunication.fr\/ventes\/wp-json\/wp\/v2\/types\/product"}],"wp:featuredmedia":[{"embeddable":true,"href":"https:\/\/lebrascommunication.fr\/ventes\/wp-json\/wp\/v2\/media\/1047"}],"wp:attachment":[{"href":"https:\/\/lebrascommunication.fr\/ventes\/wp-json\/wp\/v2\/media?parent=1048"}],"wp:term":[{"taxonomy":"product_brand","embeddable":true,"href":"https:\/\/lebrascommunication.fr\/ventes\/wp-json\/wp\/v2\/product_brand?post=1048"},{"taxonomy":"product_cat","embeddable":true,"href":"https:\/\/lebrascommunication.fr\/ventes\/wp-json\/wp\/v2\/product_cat?post=1048"},{"taxonomy":"product_tag","embeddable":true,"href":"https:\/\/lebrascommunication.fr\/ventes\/wp-json\/wp\/v2\/product_tag?post=1048"}],"curies":[{"name":"wp","href":"https:\/\/api.w.org\/{rel}","templated":true}]}}